Last updated on 2022-04-24 03:52:32 CEST.
Flavor | Version | Tinstall | Tcheck | Ttotal | Status | Flags |
---|---|---|---|---|---|---|
r-devel-linux-x86_64-debian-clang | 0.3 | 5.46 | 43.18 | 48.64 | NOTE | |
r-devel-linux-x86_64-debian-gcc | 0.3 | 3.78 | 32.11 | 35.89 | NOTE | |
r-devel-linux-x86_64-fedora-clang | 0.3 | 60.75 | NOTE | |||
r-devel-linux-x86_64-fedora-gcc | 0.3 | 46.40 | NOTE | |||
r-patched-linux-x86_64 | 0.3 | 4.43 | 41.57 | 46.00 | NOTE | |
r-release-linux-x86_64 | 0.3 | 3.70 | 39.69 | 43.39 | NOTE | |
r-release-macos-arm64 | 0.3 | NOTE | ||||
r-release-macos-x86_64 | 0.3 | NOTE | ||||
r-release-windows-x86_64 | 0.3 | 13.00 | 57.00 | 70.00 | NOTE | |
r-oldrel-macos-arm64 | 0.3 | NOTE | ||||
r-oldrel-macos-x86_64 | 0.3 | NOTE | ||||
r-oldrel-windows-ix86+x86_64 | 0.3 | 8.00 | 32.00 | 40.00 | NOTE |
Version: 0.3
Check: R code for possible problems
Result: NOTE
nfca : nFCAmain: no visible global function definition for 'hist'
nfca : nFCAmain: no visible global function definition for
'flush.console'
nfca : nFCAmain: no visible global function definition for 'qnorm'
nfca : nFCAmain: no visible global function definition for 'read.csv'
nfca : nFCAmain: no visible global function definition for 'cor'
nfca : nFCAmain: no visible global function definition for 'as.dist'
nfca : nFCAmain: no visible global function definition for 'cophenetic'
nfca : nFCAmain: no visible global function definition for 'hclust'
nfca : thresholdTEST: no visible global function definition for
'read.csv'
nfca : gScript: no visible global function definition for 'read.csv'
nfca : gScript0: no visible global function definition for 'read.csv'
nfca : gMatrix: no visible global function definition for 'read.csv'
nfca: no visible global function definition for 'cor'
Undefined global functions or variables:
as.dist cophenetic cor flush.console hclust hist qnorm read.csv
Consider adding
importFrom("graphics", "hist")
importFrom("stats", "as.dist", "cophenetic", "cor", "hclust", "qnorm")
importFrom("utils", "flush.console", "read.csv")
to your NAMESPACE file.
Flavors: r-devel-linux-x86_64-debian-clang, r-devel-linux-x86_64-debian-gcc, r-devel-linux-x86_64-fedora-clang, r-devel-linux-x86_64-fedora-gcc, r-patched-linux-x86_64, r-release-linux-x86_64, r-release-macos-arm64, r-release-macos-x86_64, r-release-windows-x86_64, r-oldrel-macos-arm64, r-oldrel-macos-x86_64, r-oldrel-windows-ix86+x86_64
Version: 0.3
Check: for non-standard things in the check directory
Result: NOTE
Found the following files/directories:
'Hgraph.dot' 'Igraph.dot'
Flavors: r-devel-linux-x86_64-debian-clang, r-devel-linux-x86_64-debian-gcc, r-devel-linux-x86_64-fedora-clang, r-devel-linux-x86_64-fedora-gcc, r-patched-linux-x86_64, r-release-linux-x86_64