Last updated on 2022-04-24 03:52:31 CEST.
Flavor | Version | Tinstall | Tcheck | Ttotal | Status | Flags |
---|---|---|---|---|---|---|
r-devel-linux-x86_64-debian-clang | 2.17.1 | 26.47 | 97.37 | 123.84 | NOTE | |
r-devel-linux-x86_64-debian-gcc | 2.17.1 | 21.32 | 72.42 | 93.74 | NOTE | |
r-devel-linux-x86_64-fedora-clang | 2.17.1 | 164.04 | NOTE | |||
r-devel-linux-x86_64-fedora-gcc | 2.17.1 | 136.89 | NOTE | |||
r-patched-linux-x86_64 | 2.17.1 | 26.43 | 91.86 | 118.29 | NOTE | |
r-release-linux-x86_64 | 2.17.1 | 21.56 | 88.97 | 110.53 | NOTE | |
r-release-macos-arm64 | 2.17.1 | NOTE | ||||
r-release-macos-x86_64 | 2.17.1 | NOTE | ||||
r-release-windows-x86_64 | 2.17.1 | 52.00 | 131.00 | 183.00 | NOTE | |
r-oldrel-macos-arm64 | 2.17.1 | NOTE | ||||
r-oldrel-macos-x86_64 | 2.17.1 | NOTE | ||||
r-oldrel-windows-ix86+x86_64 | 2.17.1 | 62.00 | 136.00 | 198.00 | NOTE |
Version: 2.17.1
Check: package dependencies
Result: NOTE
Package which this enhances but not available for checking: 'asreml'
Flavors: r-devel-linux-x86_64-debian-clang, r-devel-linux-x86_64-debian-gcc, r-devel-linux-x86_64-fedora-clang, r-devel-linux-x86_64-fedora-gcc, r-patched-linux-x86_64, r-release-linux-x86_64, r-release-macos-arm64, r-release-macos-x86_64, r-release-windows-x86_64, r-oldrel-macos-arm64, r-oldrel-macos-x86_64, r-oldrel-windows-ix86+x86_64