Last updated on 2022-04-24 03:52:31 CEST.
Flavor | Version | Tinstall | Tcheck | Ttotal | Status | Flags |
---|---|---|---|---|---|---|
r-devel-linux-x86_64-debian-clang | 2020.4.1 | 2.30 | 41.95 | 44.25 | NOTE | |
r-devel-linux-x86_64-debian-gcc | 2020.4.1 | 1.97 | 32.56 | 34.53 | NOTE | |
r-devel-linux-x86_64-fedora-clang | 2020.4.1 | 56.82 | NOTE | |||
r-devel-linux-x86_64-fedora-gcc | 2020.4.1 | 42.37 | NOTE | |||
r-patched-linux-x86_64 | 2020.4.1 | 2.10 | 40.71 | 42.81 | NOTE | |
r-release-linux-x86_64 | 2020.4.1 | 2.00 | 37.90 | 39.90 | NOTE | |
r-release-macos-arm64 | 2020.4.1 | NOTE | ||||
r-release-macos-x86_64 | 2020.4.1 | NOTE | ||||
r-release-windows-x86_64 | 2020.4.1 | 45.00 | 64.00 | 109.00 | NOTE | |
r-oldrel-macos-arm64 | 2020.4.1 | NOTE | ||||
r-oldrel-macos-x86_64 | 2020.4.1 | NOTE | ||||
r-oldrel-windows-ix86+x86_64 | 2020.4.1 | 5.00 | 49.00 | 54.00 | OK |
Version: 2020.4.1
Check: package dependencies
Result: NOTE
Package suggested but not available for checking: 're2r'
Flavors: r-devel-linux-x86_64-debian-clang, r-devel-linux-x86_64-debian-gcc, r-devel-linux-x86_64-fedora-clang, r-devel-linux-x86_64-fedora-gcc, r-patched-linux-x86_64, r-release-linux-x86_64, r-release-macos-arm64, r-release-macos-x86_64, r-release-windows-x86_64, r-oldrel-macos-arm64, r-oldrel-macos-x86_64