Last updated on 2022-04-24 03:52:31 CEST.
Flavor | Version | Tinstall | Tcheck | Ttotal | Status | Flags |
---|---|---|---|---|---|---|
r-devel-linux-x86_64-debian-clang | 0.1.1 | 1040.60 | 58.38 | 1098.98 | OK | |
r-devel-linux-x86_64-debian-gcc | 0.1.1 | 790.79 | 45.54 | 836.33 | OK | |
r-devel-linux-x86_64-fedora-clang | 0.1.1 | 1828.60 | NOTE | |||
r-devel-linux-x86_64-fedora-gcc | 0.1.1 | 1430.53 | NOTE | |||
r-patched-linux-x86_64 | 0.1.1 | 845.64 | 56.98 | 902.62 | OK | |
r-release-linux-x86_64 | 0.1.1 | 838.43 | 55.59 | 894.02 | OK | |
r-release-macos-arm64 | 0.1.1 | NOTE | ||||
r-release-macos-x86_64 | 0.1.1 | NOTE | ||||
r-release-windows-x86_64 | 0.1.1 | 1087.00 | 106.00 | 1193.00 | NOTE | |
r-oldrel-macos-arm64 | 0.1.1 | NOTE | ||||
r-oldrel-macos-x86_64 | 0.1.1 | NOTE | ||||
r-oldrel-windows-ix86+x86_64 | 0.1.1 | 2364.00 | 113.00 | 2477.00 | NOTE |
Version: 0.1.1
Check: installed package size
Result: NOTE
installed size is 22.0Mb
sub-directories of 1Mb or more:
data 1.9Mb
libs 18.8Mb
models 1.1Mb
Flavors: r-devel-linux-x86_64-fedora-clang, r-release-macos-arm64, r-release-macos-x86_64, r-release-windows-x86_64, r-oldrel-macos-arm64, r-oldrel-macos-x86_64, r-oldrel-windows-ix86+x86_64
Version: 0.1.1
Check: data for non-ASCII characters
Result: NOTE
Note: found 47936 marked UTF-8 strings
Flavors: r-devel-linux-x86_64-fedora-clang, r-devel-linux-x86_64-fedora-gcc, r-release-macos-arm64, r-release-macos-x86_64, r-oldrel-macos-arm64, r-oldrel-macos-x86_64