Last updated on 2022-04-24 03:52:31 CEST.
Flavor | Version | Tinstall | Tcheck | Ttotal | Status | Flags |
---|---|---|---|---|---|---|
r-devel-linux-x86_64-debian-clang | 2.0-6 | 9.45 | 73.19 | 82.64 | OK | |
r-devel-linux-x86_64-debian-gcc | 2.0-6 | 9.20 | 53.11 | 62.31 | OK | |
r-devel-linux-x86_64-fedora-clang | 2.0-6 | 102.66 | NOTE | |||
r-devel-linux-x86_64-fedora-gcc | 2.0-6 | 89.92 | NOTE | |||
r-patched-linux-x86_64 | 2.0-6 | 7.47 | 71.34 | 78.81 | OK | |
r-release-linux-x86_64 | 2.0-6 | 8.99 | 70.08 | 79.07 | OK | |
r-release-macos-arm64 | 2.0-6 | OK | ||||
r-release-macos-x86_64 | 2.0-6 | OK | ||||
r-release-windows-x86_64 | 2.0-6 | 20.00 | 83.00 | 103.00 | OK | |
r-oldrel-macos-arm64 | 2.0-6 | OK | ||||
r-oldrel-macos-x86_64 | 2.0-6 | OK | ||||
r-oldrel-windows-ix86+x86_64 | 2.0-6 | 19.00 | 106.00 | 125.00 | OK |
Version: 2.0-6
Check: compiled code
Result: NOTE
File ‘nanop/libs/nanop.so’:
Found no calls to: ‘R_registerRoutines’, ‘R_useDynamicSymbols’
It is good practice to register native routines and to disable symbol
search.
See ‘Writing portable packages’ in the ‘Writing R Extensions’ manual.
Flavors: r-devel-linux-x86_64-fedora-clang, r-devel-linux-x86_64-fedora-gcc