Last updated on 2022-04-24 03:52:31 CEST.
Flavor | Version | Tinstall | Tcheck | Ttotal | Status | Flags |
---|---|---|---|---|---|---|
r-devel-linux-x86_64-debian-clang | 0.9.0 | 5.55 | 61.67 | 67.22 | NOTE | |
r-devel-linux-x86_64-debian-gcc | 0.9.0 | 4.01 | 46.21 | 50.22 | NOTE | |
r-devel-linux-x86_64-fedora-clang | 0.9.0 | 80.78 | NOTE | |||
r-devel-linux-x86_64-fedora-gcc | 0.9.0 | 68.04 | NOTE | |||
r-patched-linux-x86_64 | 0.9.0 | 5.36 | 57.18 | 62.54 | NOTE | |
r-release-linux-x86_64 | 0.9.0 | 3.93 | 53.94 | 57.87 | NOTE | |
r-release-macos-arm64 | 0.9.0 | NOTE | ||||
r-release-macos-x86_64 | 0.9.0 | NOTE | ||||
r-release-windows-x86_64 | 0.9.0 | 15.00 | 78.00 | 93.00 | NOTE | |
r-oldrel-macos-arm64 | 0.9.0 | NOTE | ||||
r-oldrel-macos-x86_64 | 0.9.0 | NOTE | ||||
r-oldrel-windows-ix86+x86_64 | 0.9.0 | 14.00 | 65.00 | 79.00 | NOTE |
Version: 0.9.0
Check: LazyData
Result: NOTE
'LazyData' is specified without a 'data' directory
Flavors: r-devel-linux-x86_64-debian-clang, r-devel-linux-x86_64-debian-gcc, r-devel-linux-x86_64-fedora-clang, r-devel-linux-x86_64-fedora-gcc, r-patched-linux-x86_64, r-release-linux-x86_64, r-release-macos-arm64, r-release-macos-x86_64, r-release-windows-x86_64, r-oldrel-macos-arm64, r-oldrel-macos-x86_64, r-oldrel-windows-ix86+x86_64