Last updated on 2022-04-24 03:52:31 CEST.
Flavor | Version | Tinstall | Tcheck | Ttotal | Status | Flags |
---|---|---|---|---|---|---|
r-devel-linux-x86_64-debian-clang | 0.2.1 | 6.45 | 70.33 | 76.78 | NOTE | |
r-devel-linux-x86_64-debian-gcc | 0.2.1 | 5.03 | 52.07 | 57.10 | NOTE | |
r-devel-linux-x86_64-fedora-clang | 0.2.1 | 92.15 | NOTE | |||
r-devel-linux-x86_64-fedora-gcc | 0.2.1 | 78.94 | NOTE | |||
r-patched-linux-x86_64 | 0.2.1 | 9.44 | 68.06 | 77.50 | NOTE | |
r-release-linux-x86_64 | 0.2.1 | 6.41 | 66.96 | 73.37 | NOTE | |
r-release-macos-arm64 | 0.2.1 | NOTE | ||||
r-release-macos-x86_64 | 0.2.1 | NOTE | ||||
r-release-windows-x86_64 | 0.2.1 | 28.00 | 82.00 | 110.00 | NOTE | |
r-oldrel-macos-arm64 | 0.2.1 | NOTE | ||||
r-oldrel-macos-x86_64 | 0.2.1 | NOTE | ||||
r-oldrel-windows-ix86+x86_64 | 0.2.1 | 11.00 | 77.00 | 88.00 | OK |
Version: 0.2.1
Check: package dependencies
Result: NOTE
Package suggested but not available for checking: 'spatialClust'
Flavors: r-devel-linux-x86_64-debian-clang, r-devel-linux-x86_64-debian-gcc, r-devel-linux-x86_64-fedora-clang, r-devel-linux-x86_64-fedora-gcc, r-patched-linux-x86_64, r-release-linux-x86_64, r-release-windows-x86_64
Version: 0.2.1
Check: dependencies in R code
Result: NOTE
Namespace in Imports field not imported from: ‘Rdpack’
All declared Imports should be used.
Flavors: r-devel-linux-x86_64-fedora-clang, r-devel-linux-x86_64-fedora-gcc, r-release-macos-arm64, r-release-macos-x86_64, r-oldrel-macos-arm64, r-oldrel-macos-x86_64