Last updated on 2022-04-24 03:52:31 CEST.
Flavor | Version | Tinstall | Tcheck | Ttotal | Status | Flags |
---|---|---|---|---|---|---|
r-devel-linux-x86_64-debian-clang | 0.5.1 | 2.01 | 33.58 | 35.59 | OK | |
r-devel-linux-x86_64-debian-gcc | 0.5.1 | 1.70 | 25.80 | 27.50 | OK | |
r-devel-linux-x86_64-fedora-clang | 0.5.1 | 46.80 | OK | |||
r-devel-linux-x86_64-fedora-gcc | 0.5.1 | 33.52 | OK | |||
r-patched-linux-x86_64 | 0.5.1 | 2.31 | 32.73 | 35.04 | OK | |
r-release-linux-x86_64 | 0.5.1 | 1.76 | 31.65 | 33.41 | OK | |
r-release-macos-arm64 | 0.5.1 | OK | ||||
r-release-macos-x86_64 | 0.5.1 | OK | ||||
r-release-windows-x86_64 | 0.5.1 | 24.00 | 52.00 | 76.00 | ERROR | |
r-oldrel-macos-arm64 | 0.5.1 | OK | ||||
r-oldrel-macos-x86_64 | 0.5.1 | OK | ||||
r-oldrel-windows-ix86+x86_64 | 0.5.1 | 6.00 | 42.00 | 48.00 | OK |
Version: 0.5.1
Check: tests
Result: ERROR
Running 'testthat.R' [5s]
Running the tests in 'tests/testthat.R' failed.
Complete output:
> library(testthat)
> test_check("nat.utils")
Loading required package: nat.utils
[ FAIL 1 | WARN 0 | SKIP 1 | PASS 73 ]
══ Skipped tests ═══════════════════════════════════════════════════════════════
• touch only supported on unix platforms (1)
══ Failed tests ════════════════════════════════════════════════════════════════
── Failure (test-fsutils.r:79:3): common_path works ────────────────────────────
common_path(c("/a", "/b"), normalise = T) not equal to np("/").
1/1 mismatches
x[1]: "d:/"
y[1]: "D:/"
[ FAIL 1 | WARN 0 | SKIP 1 | PASS 73 ]
Error: Test failures
Execution halted
Flavor: r-release-windows-x86_64