Last updated on 2022-04-24 03:52:31 CEST.
Flavor | Version | Tinstall | Tcheck | Ttotal | Status | Flags |
---|---|---|---|---|---|---|
r-devel-linux-x86_64-debian-clang | 2.0.0 | 18.86 | 259.87 | 278.73 | NOTE | |
r-devel-linux-x86_64-debian-gcc | 2.0.0 | 14.31 | 186.10 | 200.41 | NOTE | |
r-devel-linux-x86_64-fedora-clang | 2.0.0 | 332.09 | NOTE | |||
r-devel-linux-x86_64-fedora-gcc | 2.0.0 | 322.43 | NOTE | |||
r-patched-linux-x86_64 | 2.0.0 | 19.25 | 238.72 | 257.97 | NOTE | |
r-release-linux-x86_64 | 2.0.0 | 14.74 | 227.78 | 242.52 | NOTE | |
r-release-macos-arm64 | 2.0.0 | NOTE | ||||
r-release-macos-x86_64 | 2.0.0 | NOTE | ||||
r-release-windows-x86_64 | 2.0.0 | 30.00 | 247.00 | 277.00 | NOTE | |
r-oldrel-macos-arm64 | 2.0.0 | NOTE | ||||
r-oldrel-macos-x86_64 | 2.0.0 | NOTE | ||||
r-oldrel-windows-ix86+x86_64 | 2.0.0 | 39.00 | 260.00 | 299.00 | NOTE |
Version: 2.0.0
Check: package dependencies
Result: NOTE
Package suggested but not available for checking: 'gurobi'
Flavors: r-devel-linux-x86_64-debian-clang, r-devel-linux-x86_64-debian-gcc, r-devel-linux-x86_64-fedora-clang, r-devel-linux-x86_64-fedora-gcc, r-patched-linux-x86_64, r-release-linux-x86_64, r-release-macos-arm64, r-release-macos-x86_64, r-release-windows-x86_64, r-oldrel-macos-arm64, r-oldrel-macos-x86_64, r-oldrel-windows-ix86+x86_64