Last updated on 2022-04-24 03:52:31 CEST.
Flavor | Version | Tinstall | Tcheck | Ttotal | Status | Flags |
---|---|---|---|---|---|---|
r-devel-linux-x86_64-debian-clang | 0.9.0 | 11.99 | 165.33 | 177.32 | NOTE | |
r-devel-linux-x86_64-debian-gcc | 0.9.0 | 9.44 | 137.15 | 146.59 | NOTE | |
r-devel-linux-x86_64-fedora-clang | 0.9.0 | 213.29 | NOTE | |||
r-devel-linux-x86_64-fedora-gcc | 0.9.0 | 217.55 | NOTE | |||
r-patched-linux-x86_64 | 0.9.0 | 9.69 | 172.61 | 182.30 | NOTE | |
r-release-linux-x86_64 | 0.9.0 | 10.20 | 166.70 | 176.90 | NOTE | |
r-release-macos-arm64 | 0.9.0 | NOTE | ||||
r-release-macos-x86_64 | 0.9.0 | NOTE | ||||
r-release-windows-x86_64 | 0.9.0 | 26.00 | 207.00 | 233.00 | NOTE | |
r-oldrel-macos-arm64 | 0.9.0 | NOTE | ||||
r-oldrel-macos-x86_64 | 0.9.0 | NOTE | ||||
r-oldrel-windows-ix86+x86_64 | 0.9.0 | 33.00 | 217.00 | 250.00 | NOTE |
Version: 0.9.0
Check: LazyData
Result: NOTE
'LazyData' is specified without a 'data' directory
Flavors: r-devel-linux-x86_64-debian-clang, r-devel-linux-x86_64-debian-gcc, r-devel-linux-x86_64-fedora-clang, r-devel-linux-x86_64-fedora-gcc, r-patched-linux-x86_64, r-release-linux-x86_64, r-release-macos-arm64, r-release-macos-x86_64, r-release-windows-x86_64, r-oldrel-macos-arm64, r-oldrel-macos-x86_64, r-oldrel-windows-ix86+x86_64