Last updated on 2022-04-24 03:52:31 CEST.
Flavor | Version | Tinstall | Tcheck | Ttotal | Status | Flags |
---|---|---|---|---|---|---|
r-devel-linux-x86_64-debian-clang | 0.1.4 | 4.93 | 46.74 | 51.67 | OK | |
r-devel-linux-x86_64-debian-gcc | 0.1.4 | 5.19 | 35.45 | 40.64 | OK | |
r-devel-linux-x86_64-fedora-clang | 0.1.4 | 65.69 | NOTE | |||
r-devel-linux-x86_64-fedora-gcc | 0.1.4 | 52.95 | OK | |||
r-patched-linux-x86_64 | 0.1.4 | 7.19 | 45.55 | 52.74 | OK | |
r-release-linux-x86_64 | 0.1.4 | 4.51 | 43.99 | 48.50 | OK | |
r-release-macos-arm64 | 0.1.4 | OK | ||||
r-release-macos-x86_64 | 0.1.4 | OK | ||||
r-release-windows-x86_64 | 0.1.4 | 22.00 | 59.00 | 81.00 | OK | |
r-oldrel-macos-arm64 | 0.1.4 | OK | ||||
r-oldrel-macos-x86_64 | 0.1.4 | OK | ||||
r-oldrel-windows-ix86+x86_64 | 0.1.4 | 10.00 | 50.00 | 60.00 | OK |
Version: 0.1.4
Check: Rd cross-references
Result: NOTE
Undeclared package ‘CBPS’ in Rd xrefs
Flavor: r-devel-linux-x86_64-fedora-clang