Last updated on 2022-04-24 03:52:32 CEST.
Flavor | Version | Tinstall | Tcheck | Ttotal | Status | Flags |
---|---|---|---|---|---|---|
r-devel-linux-x86_64-debian-clang | 0.1 | 62.23 | 95.90 | 158.13 | OK | |
r-devel-linux-x86_64-debian-gcc | 0.1 | 59.12 | 71.18 | 130.30 | OK | |
r-devel-linux-x86_64-fedora-clang | 0.1 | 216.49 | NOTE | |||
r-devel-linux-x86_64-fedora-gcc | 0.1 | 197.29 | NOTE | |||
r-patched-linux-x86_64 | 0.1 | 61.44 | 91.75 | 153.19 | OK | |
r-release-linux-x86_64 | 0.1 | 55.98 | 84.54 | 140.52 | OK | |
r-release-macos-arm64 | 0.1 | NOTE | ||||
r-release-macos-x86_64 | 0.1 | NOTE | ||||
r-release-windows-x86_64 | 0.1 | 54.00 | 140.00 | 194.00 | OK | |
r-oldrel-macos-arm64 | 0.1 | NOTE | ||||
r-oldrel-macos-x86_64 | 0.1 | NOTE | ||||
r-oldrel-windows-ix86+x86_64 | 0.1 | 148.00 | 145.00 | 293.00 | OK |
Version: 0.1
Check: dependencies in R code
Result: NOTE
Namespaces in Imports field not imported from:
‘glmnet’ ‘rrpack’
All declared Imports should be used.
Flavors: r-devel-linux-x86_64-fedora-clang, r-devel-linux-x86_64-fedora-gcc, r-release-macos-arm64, r-release-macos-x86_64, r-oldrel-macos-arm64, r-oldrel-macos-x86_64
Version: 0.1
Check: installed package size
Result: NOTE
installed size is 8.3Mb
sub-directories of 1Mb or more:
libs 7.9Mb
Flavors: r-release-macos-arm64, r-release-macos-x86_64, r-oldrel-macos-arm64, r-oldrel-macos-x86_64