Last updated on 2022-04-24 03:52:32 CEST.
Flavor | Version | Tinstall | Tcheck | Ttotal | Status | Flags |
---|---|---|---|---|---|---|
r-devel-linux-x86_64-debian-clang | 1.31 | 30.83 | 44.66 | 75.49 | WARN | |
r-devel-linux-x86_64-debian-gcc | 1.31 | 20.32 | 33.91 | 54.23 | OK | |
r-devel-linux-x86_64-fedora-clang | 1.31 | 98.05 | WARN | |||
r-devel-linux-x86_64-fedora-gcc | 1.31 | 78.78 | OK | |||
r-patched-linux-x86_64 | 1.31 | 24.45 | 43.42 | 67.87 | OK | |
r-release-linux-x86_64 | 1.31 | 26.04 | 41.58 | 67.62 | OK | |
r-release-macos-arm64 | 1.31 | OK | ||||
r-release-macos-x86_64 | 1.31 | OK | ||||
r-release-windows-x86_64 | 1.31 | 33.00 | 78.00 | 111.00 | OK | |
r-oldrel-macos-arm64 | 1.31 | OK | ||||
r-oldrel-macos-x86_64 | 1.31 | OK | ||||
r-oldrel-windows-ix86+x86_64 | 1.31 | 65.00 | 80.00 | 145.00 | OK |
Version: 1.31
Check: whether package can be installed
Result: WARN
Found the following significant warnings:
energypot.cpp:14:11: warning: use of bitwise '&' with boolean operands [-Wbitwise-instead-of-logical]
Flavors: r-devel-linux-x86_64-debian-clang, r-devel-linux-x86_64-fedora-clang