Last updated on 2022-04-24 03:52:32 CEST.
Flavor | Version | Tinstall | Tcheck | Ttotal | Status | Flags |
---|---|---|---|---|---|---|
r-devel-linux-x86_64-debian-clang | 1.5.1 | 19.68 | 128.67 | 148.35 | OK | |
r-devel-linux-x86_64-debian-gcc | 1.5.1 | 14.62 | 94.72 | 109.34 | OK | |
r-devel-linux-x86_64-fedora-clang | 1.5.1 | 178.12 | NOTE | |||
r-devel-linux-x86_64-fedora-gcc | 1.5.1 | 161.22 | NOTE | |||
r-patched-linux-x86_64 | 1.5.1 | 17.84 | 118.57 | 136.41 | OK | |
r-release-linux-x86_64 | 1.5.1 | 11.11 | 111.45 | 122.56 | OK | |
r-release-macos-arm64 | 1.5.1 | OK | ||||
r-release-macos-x86_64 | 1.5.1 | OK | ||||
r-release-windows-x86_64 | 1.5.1 | 53.00 | 138.00 | 191.00 | OK | |
r-oldrel-macos-arm64 | 1.5.1 | OK | ||||
r-oldrel-macos-x86_64 | 1.5.1 | OK | ||||
r-oldrel-windows-ix86+x86_64 | 1.5.1 | 39.00 | 177.00 | 216.00 | OK |
Version: 1.5.1
Check: compiled code
Result: NOTE
File ‘nbpMatching/libs/nbpMatching.so’:
Found no calls to: ‘R_registerRoutines’, ‘R_useDynamicSymbols’
It is good practice to register native routines and to disable symbol
search.
See ‘Writing portable packages’ in the ‘Writing R Extensions’ manual.
Flavors: r-devel-linux-x86_64-fedora-clang, r-devel-linux-x86_64-fedora-gcc