Last updated on 2022-04-24 03:52:32 CEST.
Flavor | Version | Tinstall | Tcheck | Ttotal | Status | Flags |
---|---|---|---|---|---|---|
r-devel-linux-x86_64-debian-clang | 2020.8.6 | 3.48 | 88.18 | 91.66 | NOTE | |
r-devel-linux-x86_64-debian-gcc | 2020.8.6 | 2.28 | 57.49 | 59.77 | NOTE | |
r-devel-linux-x86_64-fedora-clang | 2020.8.6 | 98.04 | NOTE | |||
r-devel-linux-x86_64-fedora-gcc | 2020.8.6 | 79.74 | NOTE | |||
r-patched-linux-x86_64 | 2020.8.6 | 2.70 | 73.65 | 76.35 | NOTE | |
r-release-linux-x86_64 | 2020.8.6 | 2.20 | 73.11 | 75.31 | NOTE | |
r-release-macos-arm64 | 2020.8.6 | NOTE | ||||
r-release-macos-x86_64 | 2020.8.6 | NOTE | ||||
r-release-windows-x86_64 | 2020.8.6 | 22.00 | 121.00 | 143.00 | NOTE | |
r-oldrel-macos-arm64 | 2020.8.6 | NOTE | ||||
r-oldrel-macos-x86_64 | 2020.8.6 | NOTE | ||||
r-oldrel-windows-ix86+x86_64 | 2020.8.6 | 7.00 | 100.00 | 107.00 | OK |
Version: 2020.8.6
Check: package dependencies
Result: NOTE
Package suggested but not available for checking: 're2r'
Flavors: r-devel-linux-x86_64-debian-clang, r-devel-linux-x86_64-debian-gcc, r-devel-linux-x86_64-fedora-clang, r-devel-linux-x86_64-fedora-gcc, r-patched-linux-x86_64, r-release-linux-x86_64, r-release-macos-arm64, r-release-macos-x86_64, r-release-windows-x86_64, r-oldrel-macos-arm64, r-oldrel-macos-x86_64