Last updated on 2022-04-24 03:52:32 CEST.
Flavor | Version | Tinstall | Tcheck | Ttotal | Status | Flags |
---|---|---|---|---|---|---|
r-devel-linux-x86_64-debian-clang | 2013.03.29 | 2.19 | 56.59 | 58.78 | NOTE | |
r-devel-linux-x86_64-debian-gcc | 2013.03.29 | 1.90 | 45.95 | 47.85 | NOTE | |
r-devel-linux-x86_64-fedora-clang | 2013.03.29 | 73.03 | NOTE | |||
r-devel-linux-x86_64-fedora-gcc | 2013.03.29 | 61.51 | NOTE | |||
r-patched-linux-x86_64 | 2013.03.29 | 2.17 | 56.40 | 58.57 | NOTE | |
r-release-linux-x86_64 | 2013.03.29 | 2.41 | 56.11 | 58.52 | NOTE | |
r-release-macos-arm64 | 2013.03.29 | NOTE | ||||
r-release-macos-x86_64 | 2013.03.29 | NOTE | ||||
r-release-windows-x86_64 | 2013.03.29 | 9.00 | 72.00 | 81.00 | NOTE | |
r-oldrel-macos-arm64 | 2013.03.29 | NOTE | ||||
r-oldrel-macos-x86_64 | 2013.03.29 | NOTE | ||||
r-oldrel-windows-ix86+x86_64 | 2013.03.29 | 6.00 | 49.00 | 55.00 | NOTE |
Version: 2013.03.29
Check: DESCRIPTION meta-information
Result: NOTE
Malformed Description field: should contain one or more complete sentences.
Flavors: r-devel-linux-x86_64-debian-clang, r-devel-linux-x86_64-debian-gcc, r-devel-linux-x86_64-fedora-clang, r-devel-linux-x86_64-fedora-gcc, r-patched-linux-x86_64, r-release-linux-x86_64, r-release-macos-arm64, r-release-macos-x86_64, r-release-windows-x86_64, r-oldrel-macos-arm64, r-oldrel-macos-x86_64, r-oldrel-windows-ix86+x86_64
Version: 2013.03.29
Check: R code for possible problems
Result: NOTE
ncbit : FUN: no visible global function definition for 'read.table'
ncbit : FUN: no visible global function definition for 'head'
Undefined global functions or variables:
head read.table
Consider adding
importFrom("utils", "head", "read.table")
to your NAMESPACE file.
Flavors: r-devel-linux-x86_64-debian-clang, r-devel-linux-x86_64-debian-gcc, r-devel-linux-x86_64-fedora-clang, r-devel-linux-x86_64-fedora-gcc, r-patched-linux-x86_64, r-release-linux-x86_64, r-release-macos-arm64, r-release-macos-x86_64, r-release-windows-x86_64, r-oldrel-macos-arm64, r-oldrel-macos-x86_64, r-oldrel-windows-ix86+x86_64
Version: 2013.03.29
Check: installed package size
Result: NOTE
installed size is 9.5Mb
sub-directories of 1Mb or more:
data 9.4Mb
Flavors: r-devel-linux-x86_64-fedora-clang, r-release-macos-arm64, r-release-macos-x86_64, r-release-windows-x86_64, r-oldrel-macos-arm64, r-oldrel-macos-x86_64, r-oldrel-windows-ix86+x86_64