Last updated on 2022-04-24 03:52:32 CEST.
| Flavor | Version | Tinstall | Tcheck | Ttotal | Status | Flags | 
|---|---|---|---|---|---|---|
| r-devel-linux-x86_64-debian-clang | 1.19 | 8.78 | 48.69 | 57.47 | OK | |
| r-devel-linux-x86_64-debian-gcc | 1.19 | 6.79 | 36.45 | 43.24 | OK | |
| r-devel-linux-x86_64-fedora-clang | 1.19 | 70.95 | OK | |||
| r-devel-linux-x86_64-fedora-gcc | 1.19 | 57.69 | OK | |||
| r-patched-linux-x86_64 | 1.19 | 7.75 | 47.22 | 54.97 | OK | |
| r-release-linux-x86_64 | 1.19 | 8.90 | 46.02 | 54.92 | OK | |
| r-release-macos-arm64 | 1.19 | NOTE | ||||
| r-release-macos-x86_64 | 1.19 | NOTE | ||||
| r-release-windows-x86_64 | 1.19 | 30.00 | 119.00 | 149.00 | NOTE | |
| r-oldrel-macos-arm64 | 1.19 | NOTE | ||||
| r-oldrel-macos-x86_64 | 1.19 | NOTE | ||||
| r-oldrel-windows-ix86+x86_64 | 1.19 | 20.00 | 98.00 | 118.00 | NOTE | 
Version: 1.19
Check: installed package size
Result: NOTE
      installed size is  7.1Mb
      sub-directories of 1Mb or more:
        libs   6.8Mb
Flavors: r-release-macos-arm64, r-release-macos-x86_64, r-release-windows-x86_64, r-oldrel-macos-arm64, r-oldrel-macos-x86_64, r-oldrel-windows-ix86+x86_64