Last updated on 2022-04-24 03:52:32 CEST.
Flavor | Version | Tinstall | Tcheck | Ttotal | Status | Flags |
---|---|---|---|---|---|---|
r-devel-linux-x86_64-debian-clang | 0.1.1 | 2.40 | 31.95 | 34.35 | NOTE | |
r-devel-linux-x86_64-debian-gcc | 0.1.1 | 1.91 | 24.13 | 26.04 | NOTE | |
r-devel-linux-x86_64-fedora-clang | 0.1.1 | 41.37 | NOTE | |||
r-devel-linux-x86_64-fedora-gcc | 0.1.1 | 30.17 | NOTE | |||
r-patched-linux-x86_64 | 0.1.1 | 2.25 | 30.51 | 32.76 | NOTE | |
r-release-linux-x86_64 | 0.1.1 | 2.01 | 30.08 | 32.09 | NOTE | |
r-release-macos-arm64 | 0.1.1 | NOTE | ||||
r-release-macos-x86_64 | 0.1.1 | NOTE | ||||
r-release-windows-x86_64 | 0.1.1 | 12.00 | 43.00 | 55.00 | NOTE | |
r-oldrel-macos-arm64 | 0.1.1 | NOTE | ||||
r-oldrel-macos-x86_64 | 0.1.1 | NOTE | ||||
r-oldrel-windows-ix86+x86_64 | 0.1.1 | 6.00 | 26.00 | 32.00 | NOTE |
Version: 0.1.1
Check: R code for possible problems
Result: NOTE
d0: no visible global function definition for 'qnorm'
dncgamma: no visible global function definition for 'dpois'
indncgamma: no visible global function definition for 'pgamma'
indncgamma: no visible global function definition for 'dpois'
inxncgamma: no visible global function definition for 'qnorm'
inxncgamma: no visible global function definition for 'pgamma'
inxncgamma: no visible global function definition for 'dpois'
pncgamma: no visible global function definition for 'pgamma'
pncgamma: no visible global function definition for 'dpois'
Undefined global functions or variables:
dpois pgamma qnorm
Consider adding
importFrom("stats", "dpois", "pgamma", "qnorm")
to your NAMESPACE file.
Flavors: r-devel-linux-x86_64-debian-clang, r-devel-linux-x86_64-debian-gcc, r-devel-linux-x86_64-fedora-clang, r-devel-linux-x86_64-fedora-gcc, r-patched-linux-x86_64, r-release-linux-x86_64, r-release-macos-arm64, r-release-macos-x86_64, r-release-windows-x86_64, r-oldrel-macos-arm64, r-oldrel-macos-x86_64, r-oldrel-windows-ix86+x86_64