Last updated on 2022-04-24 03:52:32 CEST.
Flavor | Version | Tinstall | Tcheck | Ttotal | Status | Flags |
---|---|---|---|---|---|---|
r-devel-linux-x86_64-debian-clang | 0.2.18 | 26.86 | 79.08 | 105.94 | OK | |
r-devel-linux-x86_64-debian-gcc | 0.2.18 | 22.93 | 58.97 | 81.90 | OK | |
r-devel-linux-x86_64-fedora-clang | 0.2.18 | 136.79 | NOTE | |||
r-devel-linux-x86_64-fedora-gcc | 0.2.18 | 117.28 | NOTE | |||
r-patched-linux-x86_64 | 0.2.18 | 23.63 | 73.99 | 97.62 | OK | |
r-release-linux-x86_64 | 0.2.18 | 16.07 | 74.18 | 90.25 | OK | |
r-release-macos-arm64 | 0.2.18 | NOTE | ||||
r-release-macos-x86_64 | 0.2.18 | NOTE | ||||
r-release-windows-x86_64 | 0.2.18 | 39.00 | 125.00 | 164.00 | OK | |
r-oldrel-macos-arm64 | 0.2.18 | NOTE | ||||
r-oldrel-macos-x86_64 | 0.2.18 | NOTE | ||||
r-oldrel-windows-ix86+x86_64 | 0.2.18 | 64.00 | 151.00 | 215.00 | OK |
Version: 0.2.18
Check: data for non-ASCII characters
Result: NOTE
Note: found 7332 marked UTF-8 strings
Flavors: r-devel-linux-x86_64-fedora-clang, r-devel-linux-x86_64-fedora-gcc, r-release-macos-arm64, r-release-macos-x86_64, r-oldrel-macos-arm64, r-oldrel-macos-x86_64