Last updated on 2022-04-24 03:52:32 CEST.
Flavor | Version | Tinstall | Tcheck | Ttotal | Status | Flags |
---|---|---|---|---|---|---|
r-devel-linux-x86_64-debian-clang | 1.2.0 | 74.64 | 98.13 | 172.77 | OK | |
r-devel-linux-x86_64-debian-gcc | 1.2.0 | 60.85 | 74.42 | 135.27 | OK | |
r-devel-linux-x86_64-fedora-clang | 1.2.0 | 233.11 | NOTE | |||
r-devel-linux-x86_64-fedora-gcc | 1.2.0 | 210.59 | NOTE | |||
r-patched-linux-x86_64 | 1.2.0 | 58.03 | 92.60 | 150.63 | OK | |
r-release-linux-x86_64 | 1.2.0 | 47.81 | 89.11 | 136.92 | OK | |
r-release-macos-arm64 | 1.2.0 | NOTE | ||||
r-release-macos-x86_64 | 1.2.0 | NOTE | ||||
r-release-windows-x86_64 | 1.2.0 | 51.00 | 136.00 | 187.00 | OK | |
r-oldrel-macos-arm64 | 1.2.0 | NOTE | ||||
r-oldrel-macos-x86_64 | 1.2.0 | NOTE | ||||
r-oldrel-windows-ix86+x86_64 | 1.2.0 | 144.00 | 143.00 | 287.00 | OK |
Version: 1.2.0
Check: installed package size
Result: NOTE
installed size is 22.7Mb
sub-directories of 1Mb or more:
libs 21.7Mb
Flavors: r-devel-linux-x86_64-fedora-clang, r-release-macos-arm64, r-release-macos-x86_64, r-oldrel-macos-arm64, r-oldrel-macos-x86_64
Version: 1.2.0
Check: dependencies in R code
Result: NOTE
Namespaces in Imports field not imported from:
‘MASS’ ‘utils’
All declared Imports should be used.
Flavors: r-devel-linux-x86_64-fedora-clang, r-devel-linux-x86_64-fedora-gcc, r-release-macos-arm64, r-release-macos-x86_64, r-oldrel-macos-arm64, r-oldrel-macos-x86_64