Last updated on 2022-04-24 03:52:32 CEST.
Flavor | Version | Tinstall | Tcheck | Ttotal | Status | Flags |
---|---|---|---|---|---|---|
r-devel-linux-x86_64-debian-clang | 0.2 | 1.77 | 31.60 | 33.37 | NOTE | |
r-devel-linux-x86_64-debian-gcc | 0.2 | 1.63 | 24.71 | 26.34 | NOTE | |
r-devel-linux-x86_64-fedora-clang | 0.2 | 41.51 | NOTE | |||
r-devel-linux-x86_64-fedora-gcc | 0.2 | 30.28 | NOTE | |||
r-patched-linux-x86_64 | 0.2 | 2.02 | 30.70 | 32.72 | NOTE | |
r-release-linux-x86_64 | 0.2 | 1.80 | 30.67 | 32.47 | NOTE | |
r-release-macos-arm64 | 0.2 | NOTE | ||||
r-release-macos-x86_64 | 0.2 | NOTE | ||||
r-release-windows-x86_64 | 0.2 | 10.00 | 51.00 | 61.00 | NOTE | |
r-oldrel-macos-arm64 | 0.2 | NOTE | ||||
r-oldrel-macos-x86_64 | 0.2 | NOTE | ||||
r-oldrel-windows-ix86+x86_64 | 0.2 | 5.00 | 39.00 | 44.00 | NOTE |
Version: 0.2
Check: DESCRIPTION meta-information
Result: NOTE
BugReports field is not a suitable URL but contains an email address:
use the Contact field instead
Flavors: r-devel-linux-x86_64-debian-clang, r-devel-linux-x86_64-debian-gcc, r-devel-linux-x86_64-fedora-clang, r-devel-linux-x86_64-fedora-gcc, r-patched-linux-x86_64, r-release-linux-x86_64, r-release-macos-arm64, r-release-macos-x86_64, r-release-windows-x86_64, r-oldrel-macos-arm64, r-oldrel-macos-x86_64, r-oldrel-windows-ix86+x86_64