Last updated on 2022-04-24 03:52:32 CEST.
Flavor | Version | Tinstall | Tcheck | Ttotal | Status | Flags |
---|---|---|---|---|---|---|
r-devel-linux-x86_64-debian-clang | 1.0.1 | 60.60 | 44.77 | 105.37 | OK | |
r-devel-linux-x86_64-debian-gcc | 1.0.1 | 47.43 | 32.97 | 80.40 | OK | |
r-devel-linux-x86_64-fedora-clang | 1.0.1 | 145.93 | OK | |||
r-devel-linux-x86_64-fedora-gcc | 1.0.1 | 122.94 | OK | |||
r-patched-linux-x86_64 | 1.0.1 | 43.88 | 42.78 | 86.66 | OK | |
r-release-linux-x86_64 | 1.0.1 | 49.07 | 40.68 | 89.75 | OK | |
r-release-macos-arm64 | 1.0.1 | NOTE | ||||
r-release-macos-x86_64 | 1.0.1 | NOTE | ||||
r-release-windows-x86_64 | 1.0.1 | 58.00 | 83.00 | 141.00 | OK | |
r-oldrel-macos-arm64 | 1.0.1 | NOTE | ||||
r-oldrel-macos-x86_64 | 1.0.1 | NOTE | ||||
r-oldrel-windows-ix86+x86_64 | 1.0.1 | 119.00 | 82.00 | 201.00 | OK |
Version: 1.0.1
Check: installed package size
Result: NOTE
installed size is 7.0Mb
sub-directories of 1Mb or more:
libs 6.9Mb
Flavors: r-release-macos-arm64, r-release-macos-x86_64, r-oldrel-macos-arm64, r-oldrel-macos-x86_64