Last updated on 2022-04-24 03:52:32 CEST.
Flavor | Version | Tinstall | Tcheck | Ttotal | Status | Flags |
---|---|---|---|---|---|---|
r-devel-linux-x86_64-debian-clang | 0.2.0 | 21.06 | 130.98 | 152.04 | OK | |
r-devel-linux-x86_64-debian-gcc | 0.2.0 | 18.01 | 90.61 | 108.62 | OK | |
r-devel-linux-x86_64-fedora-clang | 0.2.0 | 183.27 | NOTE | |||
r-devel-linux-x86_64-fedora-gcc | 0.2.0 | 164.65 | NOTE | |||
r-patched-linux-x86_64 | 0.2.0 | 18.23 | 124.00 | 142.23 | OK | |
r-release-linux-x86_64 | 0.2.0 | 17.08 | 116.04 | 133.12 | OK | |
r-release-macos-arm64 | 0.2.0 | NOTE | ||||
r-release-macos-x86_64 | 0.2.0 | NOTE | ||||
r-release-windows-x86_64 | 0.2.0 | 245.00 | 158.00 | 403.00 | OK | |
r-oldrel-macos-arm64 | 0.2.0 | NOTE | ||||
r-oldrel-macos-x86_64 | 0.2.0 | NOTE | ||||
r-oldrel-windows-ix86+x86_64 | 0.2.0 | 50.00 | 239.00 | 289.00 | OK |
Version: 0.2.0
Check: dependencies in R code
Result: NOTE
Namespaces in Imports field not imported from:
‘Matrix’ ‘igraph’
All declared Imports should be used.
Flavors: r-devel-linux-x86_64-fedora-clang, r-devel-linux-x86_64-fedora-gcc, r-release-macos-arm64, r-release-macos-x86_64, r-oldrel-macos-arm64, r-oldrel-macos-x86_64