Last updated on 2022-04-24 03:52:32 CEST.
Flavor | Version | Tinstall | Tcheck | Ttotal | Status | Flags |
---|---|---|---|---|---|---|
r-devel-linux-x86_64-debian-clang | 1.0 | 800.09 | 138.31 | 938.40 | OK | |
r-devel-linux-x86_64-debian-gcc | 1.0 | 578.90 | 102.90 | 681.80 | OK | |
r-devel-linux-x86_64-fedora-clang | 1.0 | 1560.43 | NOTE | |||
r-devel-linux-x86_64-fedora-gcc | 1.0 | 1190.43 | OK | |||
r-patched-linux-x86_64 | 1.0 | 613.15 | 130.33 | 743.48 | OK | |
r-release-linux-x86_64 | 1.0 | 620.18 | 121.67 | 741.85 | OK | |
r-release-macos-arm64 | 1.0 | NOTE | ||||
r-release-macos-x86_64 | 1.0 | NOTE | ||||
r-release-windows-x86_64 | 1.0 | 734.00 | 179.00 | 913.00 | OK | |
r-oldrel-macos-arm64 | 1.0 | NOTE | ||||
r-oldrel-macos-x86_64 | 1.0 | NOTE | ||||
r-oldrel-windows-ix86+x86_64 | 1.0 | 1828.00 | 212.00 | 2040.00 | OK |
Version: 1.0
Check: installed package size
Result: NOTE
installed size is 13.6Mb
sub-directories of 1Mb or more:
libs 13.3Mb
Flavors: r-devel-linux-x86_64-fedora-clang, r-release-macos-arm64, r-release-macos-x86_64, r-oldrel-macos-arm64, r-oldrel-macos-x86_64