Last updated on 2022-04-24 03:52:32 CEST.
Flavor | Version | Tinstall | Tcheck | Ttotal | Status | Flags |
---|---|---|---|---|---|---|
r-devel-linux-x86_64-debian-clang | 1.2.0 | 3.67 | 69.53 | 73.20 | OK | |
r-devel-linux-x86_64-debian-gcc | 1.2.0 | 3.67 | 52.60 | 56.27 | OK | |
r-devel-linux-x86_64-fedora-clang | 1.2.0 | 88.53 | NOTE | |||
r-devel-linux-x86_64-fedora-gcc | 1.2.0 | 78.00 | NOTE | |||
r-patched-linux-x86_64 | 1.2.0 | 4.30 | 66.73 | 71.03 | OK | |
r-release-linux-x86_64 | 1.2.0 | 4.29 | 64.55 | 68.84 | OK | |
r-release-macos-arm64 | 1.2.0 | NOTE | ||||
r-release-macos-x86_64 | 1.2.0 | NOTE | ||||
r-release-windows-x86_64 | 1.2.0 | 24.00 | 92.00 | 116.00 | OK | |
r-oldrel-macos-arm64 | 1.2.0 | NOTE | ||||
r-oldrel-macos-x86_64 | 1.2.0 | NOTE | ||||
r-oldrel-windows-ix86+x86_64 | 1.2.0 | 11.00 | 83.00 | 94.00 | OK |
Version: 1.2.0
Check: dependencies in R code
Result: NOTE
Namespace in Imports field not imported from: ‘Rdpack’
All declared Imports should be used.
Flavors: r-devel-linux-x86_64-fedora-clang, r-devel-linux-x86_64-fedora-gcc, r-release-macos-arm64, r-release-macos-x86_64, r-oldrel-macos-arm64, r-oldrel-macos-x86_64