Last updated on 2022-04-24 03:52:32 CEST.
Flavor | Version | Tinstall | Tcheck | Ttotal | Status | Flags |
---|---|---|---|---|---|---|
r-devel-linux-x86_64-debian-clang | 2.1-0 | 31.57 | 425.57 | 457.14 | OK | |
r-devel-linux-x86_64-debian-gcc | 2.1-0 | 27.62 | 318.09 | 345.71 | OK | |
r-devel-linux-x86_64-fedora-clang | 2.1-0 | 581.05 | NOTE | |||
r-devel-linux-x86_64-fedora-gcc | 2.1-0 | 572.87 | NOTE | |||
r-patched-linux-x86_64 | 2.1-0 | 41.69 | 411.16 | 452.85 | OK | |
r-release-linux-x86_64 | 2.1-0 | 30.74 | 394.74 | 425.48 | OK | |
r-release-macos-arm64 | 2.1-0 | NOTE | ||||
r-release-macos-x86_64 | 2.1-0 | NOTE | ||||
r-release-windows-x86_64 | 2.1-0 | 67.00 | 452.00 | 519.00 | OK | |
r-oldrel-macos-arm64 | 2.1-0 | NOTE | ||||
r-oldrel-macos-x86_64 | 2.1-0 | NOTE | ||||
r-oldrel-windows-ix86+x86_64 | 2.1-0 | 58.00 | 444.00 | 502.00 | OK |
Version: 2.1-0
Check: data for non-ASCII characters
Result: NOTE
Note: found 2 marked UTF-8 strings
Flavors: r-devel-linux-x86_64-fedora-clang, r-devel-linux-x86_64-fedora-gcc, r-release-macos-arm64, r-release-macos-x86_64, r-oldrel-macos-arm64, r-oldrel-macos-x86_64