Last updated on 2022-04-24 03:52:32 CEST.
Flavor | Version | Tinstall | Tcheck | Ttotal | Status | Flags |
---|---|---|---|---|---|---|
r-devel-linux-x86_64-debian-clang | 1.3.1 | 3.09 | 42.74 | 45.83 | NOTE | |
r-devel-linux-x86_64-debian-gcc | 1.3.1 | 2.78 | 33.45 | 36.23 | NOTE | |
r-devel-linux-x86_64-fedora-clang | 1.3.1 | 59.33 | NOTE | |||
r-devel-linux-x86_64-fedora-gcc | 1.3.1 | 46.76 | NOTE | |||
r-patched-linux-x86_64 | 1.3.1 | 4.28 | 41.36 | 45.64 | NOTE | |
r-release-linux-x86_64 | 1.3.1 | 2.08 | 40.34 | 42.42 | NOTE | |
r-release-macos-arm64 | 1.3.1 | NOTE | ||||
r-release-macos-x86_64 | 1.3.1 | NOTE | ||||
r-release-windows-x86_64 | 1.3.1 | 54.00 | 68.00 | 122.00 | NOTE | |
r-oldrel-macos-arm64 | 1.3.1 | NOTE | ||||
r-oldrel-macos-x86_64 | 1.3.1 | NOTE | ||||
r-oldrel-windows-ix86+x86_64 | 1.3.1 | 9.00 | 54.00 | 63.00 | NOTE |
Version: 1.3.1
Check: LazyData
Result: NOTE
'LazyData' is specified without a 'data' directory
Flavors: r-devel-linux-x86_64-debian-clang, r-devel-linux-x86_64-debian-gcc, r-devel-linux-x86_64-fedora-clang, r-devel-linux-x86_64-fedora-gcc, r-patched-linux-x86_64, r-release-linux-x86_64, r-release-macos-arm64, r-release-macos-x86_64, r-release-windows-x86_64, r-oldrel-macos-arm64, r-oldrel-macos-x86_64, r-oldrel-windows-ix86+x86_64