Last updated on 2022-04-24 03:52:32 CEST.
Flavor | Version | Tinstall | Tcheck | Ttotal | Status | Flags |
---|---|---|---|---|---|---|
r-devel-linux-x86_64-debian-clang | 1.1.1 | 189.92 | 109.53 | 299.45 | WARN | |
r-devel-linux-x86_64-debian-gcc | 1.1.1 | 131.99 | 85.31 | 217.30 | OK | |
r-devel-linux-x86_64-fedora-clang | 1.1.1 | 420.18 | WARN | |||
r-devel-linux-x86_64-fedora-gcc | 1.1.1 | 354.37 | OK | |||
r-patched-linux-x86_64 | 1.1.1 | 140.07 | 105.28 | 245.35 | OK | |
r-release-linux-x86_64 | 1.1.1 | 136.73 | 121.87 | 258.60 | OK | |
r-release-macos-arm64 | 1.1.1 | NOTE | ||||
r-release-macos-x86_64 | 1.1.1 | NOTE | ||||
r-release-windows-x86_64 | 1.1.1 | 194.00 | 179.00 | 373.00 | OK | |
r-oldrel-macos-arm64 | 1.1.1 | NOTE | ||||
r-oldrel-macos-x86_64 | 1.1.1 | NOTE | ||||
r-oldrel-windows-ix86+x86_64 | 1.1.1 | 407.00 | 216.00 | 623.00 | OK |
Version: 1.1.1
Check: whether package can be installed
Result: WARN
Found the following significant warnings:
checkPairs.cpp:15:10: warning: use of bitwise '|' with boolean operands [-Wbitwise-instead-of-logical]
checkPairs.cpp:15:41: warning: use of bitwise '&' with boolean operands [-Wbitwise-instead-of-logical]
checkPairs.cpp:15:11: warning: use of bitwise '&' with boolean operands [-Wbitwise-instead-of-logical]
checkPairs.cpp:18:15: warning: use of bitwise '|' with boolean operands [-Wbitwise-instead-of-logical]
checkPairs.cpp:18:46: warning: use of bitwise '&' with boolean operands [-Wbitwise-instead-of-logical]
checkPairs.cpp:18:16: warning: use of bitwise '&' with boolean operands [-Wbitwise-instead-of-logical]
checkPairs.cpp:21:15: warning: use of bitwise '&' with boolean operands [-Wbitwise-instead-of-logical]
checkPairs.cpp:24:15: warning: use of bitwise '&' with boolean operands [-Wbitwise-instead-of-logical]
listingIdeals.cpp:50:12: warning: use of bitwise '&' with boolean operands [-Wbitwise-instead-of-logical]
Flavors: r-devel-linux-x86_64-debian-clang, r-devel-linux-x86_64-fedora-clang
Version: 1.1.1
Check: installed package size
Result: NOTE
installed size is 5.4Mb
sub-directories of 1Mb or more:
doc 1.0Mb
libs 4.0Mb
Flavors: r-devel-linux-x86_64-fedora-clang, r-release-macos-arm64, r-release-macos-x86_64, r-oldrel-macos-arm64, r-oldrel-macos-x86_64