Last updated on 2022-04-24 03:52:32 CEST.
Flavor | Version | Tinstall | Tcheck | Ttotal | Status | Flags |
---|---|---|---|---|---|---|
r-devel-linux-x86_64-debian-clang | 0.11.1 | 15.55 | 168.94 | 184.49 | WARN | |
r-devel-linux-x86_64-debian-gcc | 0.11.1 | 11.91 | 122.14 | 134.05 | WARN | |
r-devel-linux-x86_64-fedora-clang | 0.11.1 | 225.37 | WARN | |||
r-devel-linux-x86_64-fedora-gcc | 0.11.1 | 217.46 | WARN | |||
r-patched-linux-x86_64 | 0.11.1 | 18.21 | 155.13 | 173.34 | OK | |
r-release-linux-x86_64 | 0.11.1 | 11.52 | 151.59 | 163.11 | OK | |
r-release-macos-arm64 | 0.11.1 | OK | ||||
r-release-macos-x86_64 | 0.11.1 | OK | ||||
r-release-windows-x86_64 | 0.11.1 | 67.00 | 204.00 | 271.00 | OK | |
r-oldrel-macos-arm64 | 0.11.1 | OK | ||||
r-oldrel-macos-x86_64 | 0.11.1 | OK | ||||
r-oldrel-windows-ix86+x86_64 | 0.11.1 | 30.00 | 274.00 | 304.00 | OK |
Version: 0.11.1
Check: Rd files
Result: WARN
checkRd: (7) networkDynamic-package.Rd:50: invalid email address: morrism@u.washington.edu"
Flavors: r-devel-linux-x86_64-debian-clang, r-devel-linux-x86_64-debian-gcc, r-devel-linux-x86_64-fedora-clang, r-devel-linux-x86_64-fedora-gcc