Last updated on 2022-04-24 03:52:32 CEST.
| Flavor | Version | Tinstall | Tcheck | Ttotal | Status | Flags | 
|---|---|---|---|---|---|---|
| r-devel-linux-x86_64-debian-clang | 0.3 | 6.06 | 64.67 | 70.73 | NOTE | |
| r-devel-linux-x86_64-debian-gcc | 0.3 | 5.07 | 47.85 | 52.92 | NOTE | |
| r-devel-linux-x86_64-fedora-clang | 0.3 | 89.83 | NOTE | |||
| r-devel-linux-x86_64-fedora-gcc | 0.3 | 76.85 | NOTE | |||
| r-patched-linux-x86_64 | 0.3 | 9.34 | 60.87 | 70.21 | NOTE | |
| r-release-linux-x86_64 | 0.3 | 5.77 | 62.80 | 68.57 | NOTE | |
| r-release-macos-arm64 | 0.3 | NOTE | ||||
| r-release-macos-x86_64 | 0.3 | NOTE | ||||
| r-release-windows-x86_64 | 0.3 | 172.00 | 86.00 | 258.00 | NOTE | |
| r-oldrel-macos-arm64 | 0.3 | NOTE | ||||
| r-oldrel-macos-x86_64 | 0.3 | NOTE | ||||
| r-oldrel-windows-ix86+x86_64 | 0.3 | 14.00 | 97.00 | 111.00 | NOTE | 
Version: 0.3
Check: R code for possible problems
Result: NOTE
    agg: no visible binding for global variable 'sd'
    agg : <anonymous>: no visible global function definition for 'quantile'
    bayesianDynamicFilter: no visible global function definition for
      'rnorm'
    bayesianDynamicFilter: no visible global function definition for
      'rgamma'
    bayesianDynamicFilter: no visible global function definition for
      'pnorm'
    bayesianDynamicFilter: no visible global function definition for
      'dnorm'
    bayesianDynamicFilter: no visible binding for global variable 'median'
    bayesianDynamicFilter: no visible binding for global variable 'sd'
    buildPrior: no visible binding for global variable 'runmed'
    buildPrior: no visible global function definition for 'tail'
    buildPrior: no visible global function definition for 'head'
    calibration_ssm: no visible global function definition for 'optim'
    llCalibration: no visible global function definition for 'as.ts'
    llCalibration: no visible global function definition for 'logLik'
    locally_iid_EM: no visible global function definition for 'optim'
    mle_filter: no visible global function definition for 'as.ts'
    move_step: no visible global function definition for 'pnorm'
    move_step: no visible global function definition for 'rnorm'
    move_step: no visible global function definition for 'dnorm'
    move_step: no visible global function definition for 'runif'
    move_step: no visible global function definition for 'rgamma'
    move_step: no visible global function definition for 'dgamma'
    phi_init: no visible global function definition for 'cov'
    smoothed_EM: no visible global function definition for 'optim'
    tomogravity.fit: no visible global function definition for 'optim'
    twMCMC: no visible global function definition for 'rnorm'
    twMCMC: no visible global function definition for 'rgamma'
    twMCMC: no visible global function definition for 'runif'
    twMCMC: no visible global function definition for 'tail'
    Undefined global functions or variables:
      as.ts cov dgamma dnorm head logLik median optim pnorm quantile rgamma
      rnorm runif runmed sd tail
    Consider adding
      importFrom("stats", "as.ts", "cov", "dgamma", "dnorm", "logLik",
                 "median", "optim", "pnorm", "quantile", "rgamma", "rnorm",
                 "runif", "runmed", "sd")
      importFrom("utils", "head", "tail")
    to your NAMESPACE file.
Flavors: r-devel-linux-x86_64-debian-clang, r-devel-linux-x86_64-debian-gcc, r-devel-linux-x86_64-fedora-clang, r-devel-linux-x86_64-fedora-gcc, r-patched-linux-x86_64, r-release-linux-x86_64, r-release-macos-arm64, r-release-macos-x86_64, r-release-windows-x86_64, r-oldrel-macos-arm64, r-oldrel-macos-x86_64, r-oldrel-windows-ix86+x86_64
Version: 0.3
Check: compiled code
Result: NOTE
    File ‘networkTomography/libs/networkTomography.so’:
      Found no calls to: ‘R_registerRoutines’, ‘R_useDynamicSymbols’
    
    It is good practice to register native routines and to disable symbol
    search.
    
    See ‘Writing portable packages’ in the ‘Writing R Extensions’ manual.
Flavors: r-devel-linux-x86_64-fedora-clang, r-devel-linux-x86_64-fedora-gcc