Last updated on 2022-04-24 03:52:32 CEST.
Flavor | Version | Tinstall | Tcheck | Ttotal | Status | Flags |
---|---|---|---|---|---|---|
r-devel-linux-x86_64-debian-clang | 0.1-1 | 2029.38 | 336.74 | 2366.12 | NOTE | |
r-devel-linux-x86_64-debian-gcc | 0.1-1 | 1831.88 | 336.00 | 2167.88 | NOTE | |
r-devel-linux-x86_64-fedora-clang | 0.1-1 | 3574.46 | NOTE | |||
r-devel-linux-x86_64-fedora-gcc | 0.1-1 | 3561.06 | NOTE | |||
r-patched-linux-x86_64 | 0.1-1 | 1636.60 | 444.38 | 2080.98 | NOTE | |
r-release-linux-x86_64 | 0.1-1 | 1585.32 | 410.75 | 1996.07 | NOTE | |
r-release-macos-arm64 | 0.1-1 | NOTE | ||||
r-release-macos-x86_64 | 0.1-1 | NOTE | ||||
r-release-windows-x86_64 | 0.1-1 | 1287.00 | 562.00 | 1849.00 | NOTE | |
r-oldrel-macos-arm64 | 0.1-1 | NOTE | ||||
r-oldrel-macos-x86_64 | 0.1-1 | NOTE | ||||
r-oldrel-windows-ix86+x86_64 | 0.1-1 | 4219.00 | 712.00 | 4931.00 | NOTE |
Version: 0.1-1
Check: for GNU extensions in Makefiles
Result: NOTE
GNU make is a SystemRequirements.
Flavors: r-devel-linux-x86_64-debian-clang, r-devel-linux-x86_64-debian-gcc, r-devel-linux-x86_64-fedora-clang, r-devel-linux-x86_64-fedora-gcc, r-patched-linux-x86_64, r-release-linux-x86_64, r-release-macos-arm64, r-release-macos-x86_64, r-release-windows-x86_64, r-oldrel-macos-arm64, r-oldrel-macos-x86_64, r-oldrel-windows-ix86+x86_64
Version: 0.1-1
Check: installed package size
Result: NOTE
installed size is 177.3Mb
sub-directories of 1Mb or more:
libs 176.5Mb
Flavors: r-devel-linux-x86_64-fedora-clang, r-release-macos-arm64, r-release-macos-x86_64, r-release-windows-x86_64, r-oldrel-macos-arm64, r-oldrel-macos-x86_64, r-oldrel-windows-ix86+x86_64
Version: 0.1-1
Check: dependencies in R code
Result: NOTE
Namespaces in Imports field not imported from:
‘RcppParallel’ ‘rstantools’
All declared Imports should be used.
Flavors: r-devel-linux-x86_64-fedora-clang, r-devel-linux-x86_64-fedora-gcc, r-release-macos-arm64, r-release-macos-x86_64, r-oldrel-macos-arm64, r-oldrel-macos-x86_64