Last updated on 2022-04-24 03:52:32 CEST.
Flavor | Version | Tinstall | Tcheck | Ttotal | Status | Flags |
---|---|---|---|---|---|---|
r-devel-linux-x86_64-debian-clang | 2.1-3 | 5.18 | 52.52 | 57.70 | NOTE | |
r-devel-linux-x86_64-debian-gcc | 2.1-3 | 4.52 | 39.57 | 44.09 | NOTE | |
r-devel-linux-x86_64-fedora-clang | 2.1-3 | 70.62 | NOTE | |||
r-devel-linux-x86_64-fedora-gcc | 2.1-3 | 57.85 | NOTE | |||
r-patched-linux-x86_64 | 2.1-3 | 7.87 | 50.23 | 58.10 | NOTE | |
r-release-linux-x86_64 | 2.1-3 | 4.45 | 47.59 | 52.04 | NOTE | |
r-release-macos-arm64 | 2.1-3 | NOTE | ||||
r-release-macos-x86_64 | 2.1-3 | NOTE | ||||
r-release-windows-x86_64 | 2.1-3 | 18.00 | 75.00 | 93.00 | NOTE | |
r-oldrel-macos-arm64 | 2.1-3 | NOTE | ||||
r-oldrel-macos-x86_64 | 2.1-3 | NOTE | ||||
r-oldrel-windows-ix86+x86_64 | 2.1-3 | 14.00 | 69.00 | 83.00 | NOTE |
Version: 2.1-3
Check: R code for possible problems
Result: NOTE
simulate.sisnetwork: no visible global function definition for 'var'
Undefined global functions or variables:
var
Consider adding
importFrom("stats", "var")
to your NAMESPACE file.
Flavors: r-devel-linux-x86_64-debian-clang, r-devel-linux-x86_64-debian-gcc, r-devel-linux-x86_64-fedora-clang, r-devel-linux-x86_64-fedora-gcc, r-patched-linux-x86_64, r-release-linux-x86_64, r-release-macos-arm64, r-release-macos-x86_64, r-release-windows-x86_64, r-oldrel-macos-arm64, r-oldrel-macos-x86_64, r-oldrel-windows-ix86+x86_64
Version: 2.1-3
Check: compiled code
Result: NOTE
File ‘networksis/libs/networksis.so’:
Found no calls to: ‘R_registerRoutines’, ‘R_useDynamicSymbols’
It is good practice to register native routines and to disable symbol
search.
See ‘Writing portable packages’ in the ‘Writing R Extensions’ manual.
Flavors: r-devel-linux-x86_64-fedora-clang, r-devel-linux-x86_64-fedora-gcc