Last updated on 2022-04-24 03:52:32 CEST.
Flavor | Version | Tinstall | Tcheck | Ttotal | Status | Flags |
---|---|---|---|---|---|---|
r-devel-linux-x86_64-debian-clang | 1.4.2.2 | 4.15 | 36.70 | 40.85 | NOTE | |
r-devel-linux-x86_64-debian-gcc | 1.4.2.2 | 2.50 | 28.43 | 30.93 | NOTE | |
r-devel-linux-x86_64-fedora-clang | 1.4.2.2 | 50.31 | NOTE | |||
r-devel-linux-x86_64-fedora-gcc | 1.4.2.2 | 38.82 | NOTE | |||
r-patched-linux-x86_64 | 1.4.2.2 | 4.22 | 36.06 | 40.28 | NOTE | |
r-release-linux-x86_64 | 1.4.2.2 | 3.88 | 34.54 | 38.42 | NOTE | |
r-release-macos-arm64 | 1.4.2.2 | NOTE | ||||
r-release-macos-x86_64 | 1.4.2.2 | NOTE | ||||
r-release-windows-x86_64 | 1.4.2.2 | 15.00 | 49.00 | 64.00 | NOTE | |
r-oldrel-macos-arm64 | 1.4.2.2 | NOTE | ||||
r-oldrel-macos-x86_64 | 1.4.2.2 | NOTE | ||||
r-oldrel-windows-ix86+x86_64 | 1.4.2.2 | 7.00 | 29.00 | 36.00 | NOTE |
Version: 1.4.2.2
Check: DESCRIPTION meta-information
Result: NOTE
Malformed Description field: should contain one or more complete sentences.
Flavors: r-devel-linux-x86_64-debian-clang, r-devel-linux-x86_64-debian-gcc, r-devel-linux-x86_64-fedora-clang, r-devel-linux-x86_64-fedora-gcc, r-patched-linux-x86_64, r-release-linux-x86_64, r-release-macos-arm64, r-release-macos-x86_64, r-release-windows-x86_64, r-oldrel-macos-arm64, r-oldrel-macos-x86_64, r-oldrel-windows-ix86+x86_64
Version: 1.4.2.2
Check: R code for possible problems
Result: NOTE
mlptrain : rect: no visible global function definition for 'polygon'
mlptrain : drawnet: no visible global function definition for 'title'
mlptrain : drawnet: no visible global function definition for 'polygon'
mlptrain : drawnet: no visible global function definition for 'text'
mlptrain : drawnet: no visible global function definition for 'lines'
mlptrain: no visible global function definition for 'runif'
mlptrain: no visible global function definition for 'locator'
mlptrain: no visible global function definition for 'polygon'
mlptrain: no visible global function definition for 'text'
rbftrain : rect: no visible global function definition for 'polygon'
rbftrain : drawnet: no visible global function definition for 'title'
rbftrain : drawnet: no visible global function definition for 'polygon'
rbftrain : drawnet: no visible global function definition for 'text'
rbftrain : drawnet: no visible global function definition for 'lines'
rbftrain : graph: no visible global function definition for 'title'
rbftrain : graph: no visible global function definition for 'polygon'
rbftrain : graph: no visible global function definition for 'text'
rbftrain : graph: no visible global function definition for 'lines'
rbftrain : graph: no visible global function definition for 'points'
rbftrain: no visible global function definition for 'runif'
rbftrain: no visible global function definition for 'locator'
rbftrain: no visible global function definition for 'polygon'
rbftrain: no visible global function definition for 'text'
rbftrain: no visible global function definition for 'kmeans'
Undefined global functions or variables:
kmeans lines locator points polygon runif text title
Consider adding
importFrom("graphics", "lines", "locator", "points", "polygon", "text",
"title")
importFrom("stats", "kmeans", "runif")
to your NAMESPACE file.
Flavors: r-devel-linux-x86_64-debian-clang, r-devel-linux-x86_64-debian-gcc, r-devel-linux-x86_64-fedora-clang, r-devel-linux-x86_64-fedora-gcc, r-patched-linux-x86_64, r-release-linux-x86_64, r-release-macos-arm64, r-release-macos-x86_64, r-release-windows-x86_64, r-oldrel-macos-arm64, r-oldrel-macos-x86_64, r-oldrel-windows-ix86+x86_64