Last updated on 2022-04-24 03:52:32 CEST.
Flavor | Version | Tinstall | Tcheck | Ttotal | Status | Flags |
---|---|---|---|---|---|---|
r-devel-linux-x86_64-debian-clang | 1.0 | 2.09 | 26.12 | 28.21 | OK | |
r-devel-linux-x86_64-debian-gcc | 1.0 | 1.35 | 20.58 | 21.93 | OK | |
r-devel-linux-x86_64-fedora-clang | 1.0 | 34.97 | NOTE | |||
r-devel-linux-x86_64-fedora-gcc | 1.0 | 24.13 | OK | |||
r-patched-linux-x86_64 | 1.0 | 1.85 | 25.94 | 27.79 | OK | |
r-release-linux-x86_64 | 1.0 | 2.07 | 25.47 | 27.54 | OK | |
r-release-macos-arm64 | 1.0 | NOTE | ||||
r-release-macos-x86_64 | 1.0 | NOTE | ||||
r-release-windows-x86_64 | 1.0 | 17.00 | 39.00 | 56.00 | NOTE | |
r-oldrel-macos-arm64 | 1.0 | NOTE | ||||
r-oldrel-macos-x86_64 | 1.0 | NOTE | ||||
r-oldrel-windows-ix86+x86_64 | 1.0 | 4.00 | 21.00 | 25.00 | NOTE |
Version: 1.0
Check: installed package size
Result: NOTE
installed size is 7.7Mb
sub-directories of 1Mb or more:
data 7.6Mb
Flavors: r-devel-linux-x86_64-fedora-clang, r-release-macos-arm64, r-release-macos-x86_64, r-release-windows-x86_64, r-oldrel-macos-arm64, r-oldrel-macos-x86_64, r-oldrel-windows-ix86+x86_64