Last updated on 2022-04-24 03:52:32 CEST.
Flavor | Version | Tinstall | Tcheck | Ttotal | Status | Flags |
---|---|---|---|---|---|---|
r-devel-linux-x86_64-debian-clang | 0.12.0 | 8.09 | 70.09 | 78.18 | NOTE | |
r-devel-linux-x86_64-debian-gcc | 0.12.0 | 4.40 | 51.53 | 55.93 | NOTE | |
r-devel-linux-x86_64-fedora-clang | 0.12.0 | 92.85 | NOTE | |||
r-devel-linux-x86_64-fedora-gcc | 0.12.0 | 80.09 | NOTE | |||
r-patched-linux-x86_64 | 0.12.0 | 6.36 | 67.15 | 73.51 | NOTE | |
r-release-linux-x86_64 | 0.12.0 | 3.77 | 64.24 | 68.01 | NOTE | |
r-release-macos-arm64 | 0.12.0 | NOTE | ||||
r-release-macos-x86_64 | 0.12.0 | NOTE | ||||
r-release-windows-x86_64 | 0.12.0 | 29.00 | 93.00 | 122.00 | NOTE | |
r-oldrel-macos-arm64 | 0.12.0 | NOTE | ||||
r-oldrel-macos-x86_64 | 0.12.0 | NOTE | ||||
r-oldrel-windows-ix86+x86_64 | 0.12.0 | 15.00 | 82.00 | 97.00 | NOTE |
Version: 0.12.0
Check: LazyData
Result: NOTE
'LazyData' is specified without a 'data' directory
Flavors: r-devel-linux-x86_64-debian-clang, r-devel-linux-x86_64-debian-gcc, r-devel-linux-x86_64-fedora-clang, r-devel-linux-x86_64-fedora-gcc, r-patched-linux-x86_64, r-release-linux-x86_64, r-release-macos-arm64, r-release-macos-x86_64, r-release-windows-x86_64, r-oldrel-macos-arm64, r-oldrel-macos-x86_64, r-oldrel-windows-ix86+x86_64