Last updated on 2022-04-24 03:52:32 CEST.
Flavor | Version | Tinstall | Tcheck | Ttotal | Status | Flags |
---|---|---|---|---|---|---|
r-devel-linux-x86_64-debian-clang | 0.0.6 | 39.18 | 192.57 | 231.75 | OK | |
r-devel-linux-x86_64-debian-gcc | 0.0.6 | 35.14 | 139.41 | 174.55 | OK | |
r-devel-linux-x86_64-fedora-clang | 0.0.6 | 290.85 | NOTE | |||
r-devel-linux-x86_64-fedora-gcc | 0.0.6 | 271.98 | NOTE | |||
r-patched-linux-x86_64 | 0.0.6 | 39.28 | 177.48 | 216.76 | OK | |
r-release-linux-x86_64 | 0.0.6 | 39.57 | 161.20 | 200.77 | OK | |
r-release-macos-arm64 | 0.0.6 | OK | ||||
r-release-macos-x86_64 | 0.0.6 | OK | ||||
r-release-windows-x86_64 | 0.0.6 | 162.00 | 227.00 | 389.00 | OK | |
r-oldrel-macos-arm64 | 0.0.6 | OK | ||||
r-oldrel-macos-x86_64 | 0.0.6 | OK | ||||
r-oldrel-windows-ix86+x86_64 | 0.0.6 | 90.00 | 280.00 | 370.00 | OK |
Version: 0.0.6
Check: compiled code
Result: NOTE
File ‘neuroim/libs/neuroim.so’:
Found no calls to: ‘R_registerRoutines’, ‘R_useDynamicSymbols’
It is good practice to register native routines and to disable symbol
search.
See ‘Writing portable packages’ in the ‘Writing R Extensions’ manual.
Flavors: r-devel-linux-x86_64-fedora-clang, r-devel-linux-x86_64-fedora-gcc