Last updated on 2022-04-24 03:52:32 CEST.
Flavor | Version | Tinstall | Tcheck | Ttotal | Status | Flags |
---|---|---|---|---|---|---|
r-devel-linux-x86_64-debian-clang | 1.2.0 | 5.19 | 62.49 | 67.68 | OK | |
r-devel-linux-x86_64-debian-gcc | 1.2.0 | 3.73 | 48.21 | 51.94 | OK | |
r-devel-linux-x86_64-fedora-clang | 1.2.0 | 85.59 | NOTE | |||
r-devel-linux-x86_64-fedora-gcc | 1.2.0 | 71.39 | NOTE | |||
r-patched-linux-x86_64 | 1.2.0 | 5.38 | 60.78 | 66.16 | OK | |
r-release-linux-x86_64 | 1.2.0 | 3.17 | 74.60 | 77.77 | OK | |
r-release-macos-arm64 | 1.2.0 | NOTE | ||||
r-release-macos-x86_64 | 1.2.0 | NOTE | ||||
r-release-windows-x86_64 | 1.2.0 | 63.00 | 124.00 | 187.00 | OK | |
r-oldrel-macos-arm64 | 1.2.0 | NOTE | ||||
r-oldrel-macos-x86_64 | 1.2.0 | NOTE | ||||
r-oldrel-windows-ix86+x86_64 | 1.2.0 | 11.00 | 113.00 | 124.00 | OK |
Version: 1.2.0
Check: dependencies in R code
Result: NOTE
Namespaces in Imports field not imported from:
‘curl’ ‘qs’
All declared Imports should be used.
Flavors: r-devel-linux-x86_64-fedora-clang, r-devel-linux-x86_64-fedora-gcc, r-release-macos-arm64, r-release-macos-x86_64, r-oldrel-macos-arm64, r-oldrel-macos-x86_64
Version: 1.2.0
Check: Rd cross-references
Result: NOTE
Undeclared package ‘yaml’ in Rd xrefs
Flavor: r-devel-linux-x86_64-fedora-clang