Last updated on 2022-04-24 03:52:32 CEST.
Flavor | Version | Tinstall | Tcheck | Ttotal | Status | Flags |
---|---|---|---|---|---|---|
r-devel-linux-x86_64-debian-clang | 1.7.5 | 6.74 | 72.58 | 79.32 | OK | |
r-devel-linux-x86_64-debian-gcc | 1.7.5 | 5.24 | 53.78 | 59.02 | OK | |
r-devel-linux-x86_64-fedora-clang | 1.7.5 | 94.37 | NOTE | |||
r-devel-linux-x86_64-fedora-gcc | 1.7.5 | 81.87 | NOTE | |||
r-patched-linux-x86_64 | 1.7.5 | 5.82 | 66.06 | 71.88 | OK | |
r-release-linux-x86_64 | 1.7.5 | 4.58 | 64.47 | 69.05 | OK | |
r-release-macos-arm64 | 1.7.5 | NOTE | ||||
r-release-macos-x86_64 | 1.7.5 | WARN | --as-cran | |||
r-release-windows-x86_64 | 1.7.5 | 16.00 | 90.00 | 106.00 | OK | |
r-oldrel-macos-arm64 | 1.7.5 | NOTE | ||||
r-oldrel-macos-x86_64 | 1.7.5 | WARN | --as-cran | |||
r-oldrel-windows-ix86+x86_64 | 1.7.5 | 15.00 | 84.00 | 99.00 | OK |
Version: 1.7.5
Check: dependencies in R code
Result: NOTE
Namespace in Imports field not imported from: ‘lifecycle’
All declared Imports should be used.
Flavors: r-devel-linux-x86_64-fedora-clang, r-devel-linux-x86_64-fedora-gcc, r-release-macos-arm64, r-oldrel-macos-arm64
Version: 1.7.5
Flags: --as-cran
Check: CRAN incoming feasibility
Result: WARN
Maintainer: ‘Sean Carmody <seancarmody@gmail.com>’
Insufficient package version (submitted: 1.7.5, existing: 1.7.5)
Days since last update: 1
Flavors: r-release-macos-x86_64, r-oldrel-macos-x86_64