Last updated on 2022-04-24 03:52:32 CEST.
Flavor | Version | Tinstall | Tcheck | Ttotal | Status | Flags |
---|---|---|---|---|---|---|
r-devel-linux-x86_64-debian-clang | 0.1.3 | 2.05 | 39.97 | 42.02 | NOTE | |
r-devel-linux-x86_64-debian-gcc | 0.1.3 | 2.11 | 30.24 | 32.35 | NOTE | |
r-devel-linux-x86_64-fedora-clang | 0.1.3 | 51.73 | NOTE | |||
r-devel-linux-x86_64-fedora-gcc | 0.1.3 | 40.53 | NOTE | |||
r-patched-linux-x86_64 | 0.1.3 | 2.80 | 38.93 | 41.73 | NOTE | |
r-release-linux-x86_64 | 0.1.3 | 2.81 | 37.08 | 39.89 | NOTE | |
r-release-macos-arm64 | 0.1.3 | NOTE | ||||
r-release-macos-x86_64 | 0.1.3 | NOTE | ||||
r-release-windows-x86_64 | 0.1.3 | 18.00 | 57.00 | 75.00 | NOTE | |
r-oldrel-macos-arm64 | 0.1.3 | NOTE | ||||
r-oldrel-macos-x86_64 | 0.1.3 | NOTE | ||||
r-oldrel-windows-ix86+x86_64 | 0.1.3 | 6.00 | 48.00 | 54.00 | NOTE |
Version: 0.1.3
Check: LazyData
Result: NOTE
'LazyData' is specified without a 'data' directory
Flavors: r-devel-linux-x86_64-debian-clang, r-devel-linux-x86_64-debian-gcc, r-devel-linux-x86_64-fedora-clang, r-devel-linux-x86_64-fedora-gcc, r-patched-linux-x86_64, r-release-linux-x86_64, r-release-macos-arm64, r-release-macos-x86_64, r-release-windows-x86_64, r-oldrel-macos-arm64, r-oldrel-macos-x86_64, r-oldrel-windows-ix86+x86_64