Last updated on 2022-04-24 03:52:32 CEST.
Flavor | Version | Tinstall | Tcheck | Ttotal | Status | Flags |
---|---|---|---|---|---|---|
r-devel-linux-x86_64-debian-clang | 1.1.0 | 2.56 | 81.73 | 84.29 | NOTE | |
r-devel-linux-x86_64-debian-gcc | 1.1.0 | 1.97 | 60.25 | 62.22 | NOTE | |
r-devel-linux-x86_64-fedora-clang | 1.1.0 | 97.87 | NOTE | |||
r-devel-linux-x86_64-fedora-gcc | 1.1.0 | 87.10 | NOTE | |||
r-patched-linux-x86_64 | 1.1.0 | 2.14 | 75.64 | 77.78 | NOTE | |
r-release-linux-x86_64 | 1.1.0 | 2.30 | 72.51 | 74.81 | NOTE | |
r-release-macos-arm64 | 1.1.0 | NOTE | ||||
r-release-macos-x86_64 | 1.1.0 | NOTE | ||||
r-release-windows-x86_64 | 1.1.0 | 21.00 | 113.00 | 134.00 | NOTE | |
r-oldrel-macos-arm64 | 1.1.0 | NOTE | ||||
r-oldrel-macos-x86_64 | 1.1.0 | NOTE | ||||
r-oldrel-windows-ix86+x86_64 | 1.1.0 | 6.00 | 122.00 | 128.00 | NOTE |
Version: 1.1.0
Check: LazyData
Result: NOTE
'LazyData' is specified without a 'data' directory
Flavors: r-devel-linux-x86_64-debian-clang, r-devel-linux-x86_64-debian-gcc, r-devel-linux-x86_64-fedora-clang, r-devel-linux-x86_64-fedora-gcc, r-patched-linux-x86_64, r-release-linux-x86_64, r-release-macos-arm64, r-release-macos-x86_64, r-release-windows-x86_64, r-oldrel-macos-arm64, r-oldrel-macos-x86_64, r-oldrel-windows-ix86+x86_64