Last updated on 2022-04-24 03:52:32 CEST.
Flavor | Version | Tinstall | Tcheck | Ttotal | Status | Flags |
---|---|---|---|---|---|---|
r-devel-linux-x86_64-debian-clang | 0.4-1 | 2.45 | 28.85 | 31.30 | OK | |
r-devel-linux-x86_64-debian-gcc | 0.4-1 | 1.80 | 22.74 | 24.54 | OK | |
r-devel-linux-x86_64-fedora-clang | 0.4-1 | 38.71 | NOTE | |||
r-devel-linux-x86_64-fedora-gcc | 0.4-1 | 26.98 | NOTE | |||
r-patched-linux-x86_64 | 0.4-1 | 2.04 | 28.22 | 30.26 | OK | |
r-release-linux-x86_64 | 0.4-1 | 1.95 | 27.11 | 29.06 | OK | |
r-release-macos-arm64 | 0.4-1 | OK | ||||
r-release-macos-x86_64 | 0.4-1 | OK | ||||
r-oldrel-macos-arm64 | 0.4-1 | OK | ||||
r-oldrel-macos-x86_64 | 0.4-1 | OK |
Version: 0.4-1
Check: compiled code
Result: NOTE
File ‘nice/libs/nice.so’:
Found no calls to: ‘R_registerRoutines’, ‘R_useDynamicSymbols’
It is good practice to register native routines and to disable symbol
search.
See ‘Writing portable packages’ in the ‘Writing R Extensions’ manual.
Flavors: r-devel-linux-x86_64-fedora-clang, r-devel-linux-x86_64-fedora-gcc