Last updated on 2022-04-24 03:52:32 CEST.
Flavor | Version | Tinstall | Tcheck | Ttotal | Status | Flags |
---|---|---|---|---|---|---|
r-devel-linux-x86_64-debian-clang | 0.12.2 | 262.07 | 263.34 | 525.41 | WARN | |
r-devel-linux-x86_64-debian-gcc | 0.12.2 | 208.92 | 190.94 | 399.86 | OK | |
r-devel-linux-x86_64-fedora-clang | 0.12.2 | 685.56 | WARN | |||
r-devel-linux-x86_64-fedora-gcc | 0.12.2 | 631.61 | OK | |||
r-patched-linux-x86_64 | 0.12.2 | 237.25 | 246.63 | 483.88 | OK | |
r-release-linux-x86_64 | 0.12.2 | 247.09 | 249.46 | 496.55 | OK | |
r-release-macos-arm64 | 0.12.2 | NOTE | ||||
r-release-macos-x86_64 | 0.12.2 | NOTE | ||||
r-release-windows-x86_64 | 0.12.2 | 840.00 | 270.00 | 1110.00 | NOTE | |
r-oldrel-macos-arm64 | 0.12.2 | NOTE | ||||
r-oldrel-macos-x86_64 | 0.12.2 | NOTE | ||||
r-oldrel-windows-ix86+x86_64 | 0.12.2 | 460.00 | 306.00 | 766.00 | NOTE |
Version: 0.12.2
Check: whether package can be installed
Result: WARN
Found the following significant warnings:
RcppUtils.cpp:48:6: warning: use of bitwise '&' with boolean operands [-Wbitwise-instead-of-logical]
RcppNimbleUtils.cpp:298:8: warning: use of bitwise '|' with boolean operands [-Wbitwise-instead-of-logical]
nimDists.cpp:159:6: warning: use of bitwise '|' with boolean operands [-Wbitwise-instead-of-logical]
nimDists.cpp:189:8: warning: use of bitwise '|' with boolean operands [-Wbitwise-instead-of-logical]
nimDists.cpp:206:6: warning: use of bitwise '|' with boolean operands [-Wbitwise-instead-of-logical]
nimDists.cpp:236:8: warning: use of bitwise '|' with boolean operands [-Wbitwise-instead-of-logical]
nimDists.cpp:263:6: warning: use of bitwise '|' with boolean operands [-Wbitwise-instead-of-logical]
nimDists.cpp:315:6: warning: use of bitwise '|' with boolean operands [-Wbitwise-instead-of-logical]
nimDists.cpp:361:6: warning: use of bitwise '|' with boolean operands [-Wbitwise-instead-of-logical]
nimDists.cpp:380:8: warning: use of bitwise '|' with boolean operands [-Wbitwise-instead-of-logical]
nimbleGraph.cpp:183:6: warning: use of bitwise '|' with boolean operands [-Wbitwise-instead-of-logical]
Flavors: r-devel-linux-x86_64-debian-clang, r-devel-linux-x86_64-fedora-clang
Version: 0.12.2
Check: installed package size
Result: NOTE
installed size is 30.3Mb
sub-directories of 1Mb or more:
CppCode 1.2Mb
R 6.3Mb
classic-bugs 1.6Mb
include 5.9Mb
libs 14.7Mb
Flavors: r-devel-linux-x86_64-fedora-clang, r-release-macos-arm64, r-release-macos-x86_64, r-release-windows-x86_64, r-oldrel-macos-arm64, r-oldrel-macos-x86_64, r-oldrel-windows-ix86+x86_64