Last updated on 2022-04-24 03:52:32 CEST.
Flavor | Version | Tinstall | Tcheck | Ttotal | Status | Flags |
---|---|---|---|---|---|---|
r-devel-linux-x86_64-debian-clang | 0.3.1 | 7.80 | 75.11 | 82.91 | OK | |
r-devel-linux-x86_64-debian-gcc | 0.3.1 | 3.86 | 55.49 | 59.35 | OK | |
r-devel-linux-x86_64-fedora-clang | 0.3.1 | 99.61 | NOTE | |||
r-devel-linux-x86_64-fedora-gcc | 0.3.1 | 84.65 | NOTE | |||
r-patched-linux-x86_64 | 0.3.1 | 7.14 | 70.64 | 77.78 | OK | |
r-release-linux-x86_64 | 0.3.1 | 6.31 | 66.70 | 73.01 | OK | |
r-release-macos-arm64 | 0.3.1 | NOTE | ||||
r-release-macos-x86_64 | 0.3.1 | NOTE | ||||
r-release-windows-x86_64 | 0.3.1 | 14.00 | 94.00 | 108.00 | OK | |
r-oldrel-macos-arm64 | 0.3.1 | NOTE | ||||
r-oldrel-macos-x86_64 | 0.3.1 | NOTE | ||||
r-oldrel-windows-ix86+x86_64 | 0.3.1 | 16.00 | 79.00 | 95.00 | OK |
Version: 0.3.1
Check: data for non-ASCII characters
Result: NOTE
Note: found 4 marked UTF-8 strings
Flavors: r-devel-linux-x86_64-fedora-clang, r-devel-linux-x86_64-fedora-gcc, r-release-macos-arm64, r-release-macos-x86_64, r-oldrel-macos-arm64, r-oldrel-macos-x86_64