Last updated on 2022-04-24 03:52:32 CEST.
Flavor | Version | Tinstall | Tcheck | Ttotal | Status | Flags |
---|---|---|---|---|---|---|
r-devel-linux-x86_64-debian-clang | 0.4.0 | 1.55 | 32.22 | 33.77 | NOTE | |
r-devel-linux-x86_64-debian-gcc | 0.4.0 | 1.78 | 25.35 | 27.13 | NOTE | |
r-devel-linux-x86_64-fedora-clang | 0.4.0 | 46.41 | NOTE | |||
r-devel-linux-x86_64-fedora-gcc | 0.4.0 | 31.95 | NOTE | |||
r-patched-linux-x86_64 | 0.4.0 | 2.16 | 31.43 | 33.59 | NOTE | |
r-release-linux-x86_64 | 0.4.0 | 1.99 | 32.28 | 34.27 | NOTE | |
r-release-macos-arm64 | 0.4.0 | NOTE | ||||
r-release-macos-x86_64 | 0.4.0 | NOTE | ||||
r-release-windows-x86_64 | 0.4.0 | 12.00 | 51.00 | 63.00 | NOTE | |
r-oldrel-macos-arm64 | 0.4.0 | NOTE | ||||
r-oldrel-macos-x86_64 | 0.4.0 | NOTE | ||||
r-oldrel-windows-ix86+x86_64 | 0.4.0 | 5.00 | 41.00 | 46.00 | NOTE |
Version: 0.4.0
Check: LazyData
Result: NOTE
'LazyData' is specified without a 'data' directory
Flavors: r-devel-linux-x86_64-debian-clang, r-devel-linux-x86_64-debian-gcc, r-devel-linux-x86_64-fedora-clang, r-devel-linux-x86_64-fedora-gcc, r-patched-linux-x86_64, r-release-linux-x86_64, r-release-macos-arm64, r-release-macos-x86_64, r-release-windows-x86_64, r-oldrel-macos-arm64, r-oldrel-macos-x86_64, r-oldrel-windows-ix86+x86_64