Last updated on 2022-04-24 03:52:32 CEST.
Flavor | Version | Tinstall | Tcheck | Ttotal | Status | Flags |
---|---|---|---|---|---|---|
r-devel-linux-x86_64-debian-clang | 2.0.0 | 30.80 | 53.86 | 84.66 | OK | |
r-devel-linux-x86_64-debian-gcc | 2.0.0 | 28.85 | 41.19 | 70.04 | OK | |
r-devel-linux-x86_64-fedora-clang | 2.0.0 | 109.91 | OK | |||
r-devel-linux-x86_64-fedora-gcc | 2.0.0 | 101.50 | OK | |||
r-patched-linux-x86_64 | 2.0.0 | 27.45 | 51.39 | 78.84 | OK | |
r-release-linux-x86_64 | 2.0.0 | 26.13 | 50.89 | 77.02 | OK | |
r-release-macos-arm64 | 2.0.0 | NOTE | ||||
r-release-macos-x86_64 | 2.0.0 | NOTE | ||||
r-release-windows-x86_64 | 2.0.0 | 39.00 | 108.00 | 147.00 | OK | |
r-oldrel-macos-arm64 | 2.0.0 | NOTE | ||||
r-oldrel-macos-x86_64 | 2.0.0 | NOTE | ||||
r-oldrel-windows-ix86+x86_64 | 2.0.0 | 61.00 | 107.00 | 168.00 | OK |
Version: 2.0.0
Check: installed package size
Result: NOTE
installed size is 9.9Mb
sub-directories of 1Mb or more:
libs 9.4Mb
Flavors: r-release-macos-arm64, r-release-macos-x86_64, r-oldrel-macos-arm64, r-oldrel-macos-x86_64