Last updated on 2022-04-24 03:52:32 CEST.
Flavor | Version | Tinstall | Tcheck | Ttotal | Status | Flags |
---|---|---|---|---|---|---|
r-devel-linux-x86_64-debian-clang | 0.2 | 12.46 | 107.50 | 119.96 | NOTE | |
r-devel-linux-x86_64-debian-gcc | 0.2 | 9.20 | 79.55 | 88.75 | NOTE | |
r-devel-linux-x86_64-fedora-clang | 0.2 | 144.28 | NOTE | |||
r-devel-linux-x86_64-fedora-gcc | 0.2 | 123.54 | NOTE | |||
r-patched-linux-x86_64 | 0.2 | 13.89 | 98.84 | 112.73 | NOTE | |
r-release-linux-x86_64 | 0.2 | 6.72 | 94.44 | 101.16 | NOTE | |
r-release-macos-arm64 | 0.2 | NOTE | ||||
r-release-macos-x86_64 | 0.2 | NOTE | ||||
r-release-windows-x86_64 | 0.2 | 24.00 | 116.00 | 140.00 | NOTE | |
r-oldrel-macos-arm64 | 0.2 | NOTE | ||||
r-oldrel-macos-x86_64 | 0.2 | NOTE | ||||
r-oldrel-windows-ix86+x86_64 | 0.2 | 24.00 | 104.00 | 128.00 | NOTE |
Version: 0.2
Check: LazyData
Result: NOTE
'LazyData' is specified without a 'data' directory
Flavors: r-devel-linux-x86_64-debian-clang, r-devel-linux-x86_64-debian-gcc, r-devel-linux-x86_64-fedora-clang, r-devel-linux-x86_64-fedora-gcc, r-patched-linux-x86_64, r-release-linux-x86_64, r-release-macos-arm64, r-release-macos-x86_64, r-release-windows-x86_64, r-oldrel-macos-arm64, r-oldrel-macos-x86_64, r-oldrel-windows-ix86+x86_64