Last updated on 2022-04-24 03:52:32 CEST.
Flavor | Version | Tinstall | Tcheck | Ttotal | Status | Flags |
---|---|---|---|---|---|---|
r-devel-linux-x86_64-debian-clang | 0.1.0 | 1.90 | 40.54 | 42.44 | NOTE | |
r-devel-linux-x86_64-debian-gcc | 0.1.0 | 2.20 | 31.58 | 33.78 | NOTE | |
r-devel-linux-x86_64-fedora-clang | 0.1.0 | 52.92 | NOTE | |||
r-devel-linux-x86_64-fedora-gcc | 0.1.0 | 40.74 | NOTE | |||
r-patched-linux-x86_64 | 0.1.0 | 3.03 | 39.63 | 42.66 | NOTE | |
r-release-linux-x86_64 | 0.1.0 | 2.28 | 38.21 | 40.49 | NOTE | |
r-release-macos-arm64 | 0.1.0 | NOTE | ||||
r-release-macos-x86_64 | 0.1.0 | NOTE | ||||
r-release-windows-x86_64 | 0.1.0 | 12.00 | 56.00 | 68.00 | NOTE | |
r-oldrel-macos-arm64 | 0.1.0 | NOTE | ||||
r-oldrel-macos-x86_64 | 0.1.0 | NOTE | ||||
r-oldrel-windows-ix86+x86_64 | 0.1.0 | 6.00 | 49.00 | 55.00 | NOTE |
Version: 0.1.0
Check: LazyData
Result: NOTE
'LazyData' is specified without a 'data' directory
Flavors: r-devel-linux-x86_64-debian-clang, r-devel-linux-x86_64-debian-gcc, r-devel-linux-x86_64-fedora-clang, r-devel-linux-x86_64-fedora-gcc, r-patched-linux-x86_64, r-release-linux-x86_64, r-release-macos-arm64, r-release-macos-x86_64, r-release-windows-x86_64, r-oldrel-macos-arm64, r-oldrel-macos-x86_64, r-oldrel-windows-ix86+x86_64