Last updated on 2022-04-24 03:52:32 CEST.
Flavor | Version | Tinstall | Tcheck | Ttotal | Status | Flags |
---|---|---|---|---|---|---|
r-devel-linux-x86_64-debian-clang | 1.1.0 | 3.16 | 46.35 | 49.51 | NOTE | |
r-devel-linux-x86_64-debian-gcc | 1.1.0 | 2.21 | 35.54 | 37.75 | NOTE | |
r-devel-linux-x86_64-fedora-clang | 1.1.0 | 110.87 | OK | |||
r-devel-linux-x86_64-fedora-gcc | 1.1.0 | 93.92 | OK | |||
r-patched-linux-x86_64 | 1.1.0 | 3.32 | 45.00 | 48.32 | NOTE | |
r-release-linux-x86_64 | 1.1.0 | 2.51 | 43.02 | 45.53 | NOTE | |
r-release-macos-arm64 | 1.1.0 | NOTE | ||||
r-release-macos-x86_64 | 1.1.0 | NOTE | ||||
r-release-windows-x86_64 | 1.1.0 | 26.00 | 85.00 | 111.00 | NOTE | |
r-oldrel-macos-arm64 | 1.1.0 | NOTE | ||||
r-oldrel-macos-x86_64 | 1.1.0 | NOTE | ||||
r-oldrel-windows-ix86+x86_64 | 1.1.0 | 7.00 | 63.00 | 70.00 | OK |
Version: 1.1.0
Check: package dependencies
Result: NOTE
Package suggested but not available for checking: 'INLA'
Flavors: r-devel-linux-x86_64-debian-clang, r-devel-linux-x86_64-debian-gcc, r-patched-linux-x86_64, r-release-linux-x86_64, r-release-macos-arm64, r-release-macos-x86_64, r-release-windows-x86_64, r-oldrel-macos-arm64, r-oldrel-macos-x86_64