Last updated on 2022-04-24 03:52:32 CEST.
Flavor | Version | Tinstall | Tcheck | Ttotal | Status | Flags |
---|---|---|---|---|---|---|
r-devel-linux-x86_64-debian-clang | 1.0.1 | 4.12 | 86.35 | 90.47 | OK | |
r-devel-linux-x86_64-debian-gcc | 1.0.1 | 2.23 | 62.23 | 64.46 | OK | |
r-devel-linux-x86_64-fedora-clang | 1.0.1 | 106.42 | NOTE | |||
r-devel-linux-x86_64-fedora-gcc | 1.0.1 | 93.63 | OK | |||
r-patched-linux-x86_64 | 1.0.1 | 3.07 | 80.12 | 83.19 | OK | |
r-release-linux-x86_64 | 1.0.1 | 4.43 | 77.12 | 81.55 | OK | |
r-release-macos-arm64 | 1.0.1 | NOTE | ||||
r-release-macos-x86_64 | 1.0.1 | NOTE | ||||
r-release-windows-x86_64 | 1.0.1 | 20.00 | 104.00 | 124.00 | NOTE | |
r-oldrel-macos-arm64 | 1.0.1 | NOTE | ||||
r-oldrel-macos-x86_64 | 1.0.1 | NOTE | ||||
r-oldrel-windows-ix86+x86_64 | 1.0.1 | 8.00 | 97.00 | 105.00 | NOTE |
Version: 1.0.1
Check: installed package size
Result: NOTE
installed size is 7.6Mb
sub-directories of 1Mb or more:
doc 7.4Mb
Flavors: r-devel-linux-x86_64-fedora-clang, r-release-macos-arm64, r-release-macos-x86_64, r-release-windows-x86_64, r-oldrel-macos-arm64, r-oldrel-macos-x86_64, r-oldrel-windows-ix86+x86_64