Last updated on 2022-04-24 03:52:32 CEST.
Flavor | Version | Tinstall | Tcheck | Ttotal | Status | Flags |
---|---|---|---|---|---|---|
r-devel-linux-x86_64-debian-clang | 0.1.0 | 43.95 | 280.98 | 324.93 | OK | |
r-devel-linux-x86_64-debian-gcc | 0.1.0 | 33.92 | 200.65 | 234.57 | OK | |
r-devel-linux-x86_64-fedora-clang | 0.1.0 | 386.79 | OK | |||
r-devel-linux-x86_64-fedora-gcc | 0.1.0 | 2.70 | ERROR | |||
r-patched-linux-x86_64 | 0.1.0 | 36.61 | 261.82 | 298.43 | OK | |
r-release-linux-x86_64 | 0.1.0 | 36.58 | 237.92 | 274.50 | OK | |
r-release-macos-arm64 | 0.1.0 | OK | ||||
r-release-macos-x86_64 | 0.1.0 | OK | ||||
r-release-windows-x86_64 | 0.1.0 | 41.00 | 279.00 | 320.00 | OK | |
r-oldrel-macos-arm64 | 0.1.0 | OK | ||||
r-oldrel-macos-x86_64 | 0.1.0 | OK | ||||
r-oldrel-windows-ix86+x86_64 | 0.1.0 | 96.00 | 387.00 | 483.00 | OK |
Version: 0.1.0
Check: package dependencies
Result: ERROR
Package required but not available: ‘unmarked’
See section ‘The DESCRIPTION file’ in the ‘Writing R Extensions’
manual.
Flavor: r-devel-linux-x86_64-fedora-gcc